{"text_format":"1","workbook":"xlsx","n_sheets":7,"sheets":["Instruction","Parametre","Fuzzy CRR","Resultat","Eurib12M","ImpVolCAC40","delta_gamma"],"not_rendered":{"charts":5,"images":2,"macros":1,"external_links":0,"defined_names":7,"comments":1,"pivot_tables":0},"unopened":[],"bounds":{"document_bytes":16777216,"sheet_cells":100000,"rows_first":2000,"rows_last":500,"rows_between":2000,"halvings":0,"cell_chars":16384,"cell_head_chars":4096},"cells_cut":0,"cells_raw":0,"read":"whole","date_system":"1900"}

{"sheet":"Instruction","index":0,"n_rows":13,"n_cols":2,"rows_kept":13,"cut":false,"hidden":false,"merged":[[17,14,18,14]]}
[]
[]
[]
[]
[]
[]
[]
[]
[]
[]
[]
[]
[null,"Présentation de l'onglet Paramètre"]

{"sheet":"Parametre","index":1,"n_rows":13,"n_cols":8,"rows_kept":13,"cut":false,"hidden":false,"merged":[[0,0,0,1],[7,0,7,1]]}
["Lattice Parameters"]
["Initial Price",100]
["Maturity (years)",3,null,null,-75.065459498200468,0.45648274036664788,-70.530734620269982,0.33311676109837729]
["volatility",{"$f":"ImpVolCAC40!D680","v":0.13865},null,3.0055359687439553E-2]
["# Periods (multiple of T)",3]
["r",1.3699999999999999E-3]
["Div-Yield",0]
["Option Parameters"]
["Call / Put",1]
["Strike (manuel)",110]
["Strike min",55]
["Strike max",145]
["ΔStrike",0.5]

{"sheet":"Fuzzy CRR","index":2,"n_rows":23,"n_cols":17,"rows_kept":23,"cut":false,"hidden":false,"merged":[[0,0,0,1]]}
["Fuzzy Parameters",null,null,null,null,"Résultat",null,"Détail"]
["rho",{"$f":"ImpVolCAC40!$D$1","v":7.8507032095203794E-2},null,null,null,"Prix",{"$f":"$I$4 + (($I$2 - $I$4) + ($I$3 - $I$4 )) / 3","v":6.5473755299765379},"Prix H",{"$f":"B23","v":8.7616950160225144}]
["Rl",{"$f":"INDIRECT(\"Eurib12M!C\"&Eurib12M!D2)/100","v":-1.8599999999999999E-3},"ul",{"$f":"EXP((1-$B$2)*Parametre!$B$4*SQRT(Parametre!$B$3/Parametre!$B$5))","v":1.1362859441220381},null,"Ecart",{"$f":"$G$2/$I$3 - 1","v":8.8740302081739886E-2},"Prix M",{"$f":"H23","v":6.0137165102252066}]
["Rm",{"$f":"Parametre!B6","v":1.3699999999999999E-3},"um",{"$f":"EXP(Parametre!$B$4*SQRT(Parametre!$B$3/Parametre!$B$5))","v":1.1487219769442443},null,null,null,"Prix L",{"$f":"N23","v":4.8667150636818919}]
["Rh",{"$f":"INDIRECT(\"Eurib12M!C\"&Eurib12M!D1)/100","v":1.9470000000000001E-2},"uh",{"$f":"EXP((1+$B$2)*Parametre!$B$4*SQRT(Parametre!$B$3/Parametre!$B$5))","v":1.161294115394752}]
["Ph",{"$f":"IF(Parametre!$B$9=1,(EXP($B$5*Parametre!$B$3/Parametre!$B$5)-$D$8)/($D$5-$D$8),(EXP($B$3*Parametre!$B$3/Parametre!$B$5)-$D$8)/($D$5-$D$8))","v":0.52818111003185952},"dl",{"$f":"1/D3","v":0.88006016898559747}]
["Pm",{"$f":"(EXP($B$4*Parametre!$B$3/Parametre!$B$5)-$D$7)/($D$4-$D$7)","v":0.47032100111237896},"dm",{"$f":"1/D4","v":0.8705326615758977}]
["Pl",{"$f":"IF(Parametre!$B$9=1,(EXP($B$3*Parametre!$B$3/Parametre!$B$5)-$D$6)/($D$3-$D$6),(EXP($B$5*Parametre!$B$3/Parametre!$B$5)-$D$6)/($D$3-$D$6))","v":0.46084965370695613},"dh",{"$f":"1/D5","v":0.86110829870181138}]
[]
[]
["Fuzzy Stock H",null,null,null,null,null,"Stock M",null,null,null,null,null,"Fuzzy Stock L"]
[null,0,1,2,3,null,null,0,1,2,3,null,null,0,1,2,3]
[3,null,{"$f":"IF($A13<C$12,$D$8*OFFSET(C13,0,-1),IF($A13=C$12,$D$5*OFFSET(C13,1,-1),\"\"))","v":""},"",156.61259152694342,null,3,null,{"$f":"IF($G13<I$12,$D$7*OFFSET(I13,0,-1),IF($G13=I$12,$D$4*OFFSET(I13,1,-1),\"\"))","v":""},"",151.58100764719515,null,3,null,{"$f":"IF($M13<O$12,$D$6*OFFSET(O13,0,-1),IF($M13=O$12,$D$3*OFFSET(O13,1,-1),\"\"))","v":""},"",146.71107639123724]
[2,null,"",134.86040224504796,116.1294115394752,null,2,null,"",131.95621803146929,114.87219769442443,null,2,null,"",129.11457468093116,113.62859441220382]
[1,null,116.1294115394752,99.999999999999986,86.110829870181121,null,1,null,114.87219769442443,100,87.053266157589775,null,1,null,113.62859441220381,100,88.00601689855975]
[0,100,{"$f":"IF($A16<C$12,$D$8*OFFSET(C16,0,-1),IF($A16=C$12,$D$5*OFFSET(C16,1,-1),\"\"))","v":86.110829870181135},74.150750209312804,63.851826360204335,null,0,100,{"$f":"IF($G16<I$12,$D$7*OFFSET(I16,0,-1),IF($G16=I$12,$D$4*OFFSET(I16,1,-1),\"\"))","v":87.053266157589775},75.782711487041652,65.97132553225272,null,0,100,{"$f":"IF($M16<O$12,$D$6*OFFSET(O16,0,-1),IF($M16=O$12,$D$3*OFFSET(O16,1,-1),\"\"))","v":88.00601689855975},77.450590103495841,68.161179414516795]
[]
["Fuzzy Payoff H",null,null,null,null,null,"Payoff M",null,null,null,null,null,"Fuzzy Payoff L"]
[null,0,1,2,3,null,null,0,1,2,3,null,null,0,1,2,3]
[3,{"$f":"IF(Parametre!$B$9=1,IF($A20<= B$19, ($B$6*C19+(1-$B$6)*C20)/EXP($B$5*Parametre!$B$3/Parametre!$B$5),\"\"),IF($A20<=B$19, ($B$6*C19+(1-$B$6)*C20)/EXP($B$3*Parametre!$B$3/Parametre!$B$5),\"\"))","v":""},{"$f":"IF(Parametre!$B$9=1,IF($A20<= C$19, ($B$6*D19+(1-$B$6)*D20)/EXP($B$5*Parametre!$B$3/Parametre!$B$5),\"\"),IF($A20<=C$19, ($B$6*D19+(1-$B$6)*D20)/EXP($B$3*Parametre!$B$3/Parametre!$B$5),\"\"))","v":""},{"$f":"IF(Parametre!$B$9=1,IF($A20<= D$19, ($B$6*E19+(1-$B$6)*E20)/EXP($B$5*Parametre!$B$3/Parametre!$B$5),\"\"),IF($A20<=D$19, ($B$6*E19+(1-$B$6)*E20)/EXP($B$3*Parametre!$B$3/Parametre!$B$5),\"\"))","v":""},{"$f":"MAX(Parametre!$B$9*(E13-Parametre!$B$10),0)","v":46.612591526943419},null,3,{"$f":"IF($G20<= H$19, ($B$7*I19+(1-$B$7)*I20)/EXP($B$4*Parametre!$B$3/Parametre!$B$5),\"\")","v":""},{"$f":"IF($G20<= I$19, ($B$7*J19+(1-$B$7)*J20)/EXP($B$4*Parametre!$B$3/Parametre!$B$5),\"\")","v":""},{"$f":"IF($G20<= J$19, ($B$7*K19+(1-$B$7)*K20)/EXP($B$4*Parametre!$B$3/Parametre!$B$5),\"\")","v":""},{"$f":"MAX(Parametre!$B$9*(K13-Parametre!$B$10),0)","v":41.58100764719515},null,3,{"$f":"IF(Parametre!$B$9=1,IF($M20<= N$19, ($B$8*O19+(1-$B$8)*O20)/EXP($B$3*Parametre!$B$3/Parametre!$B$5),\"\"),IF($M20<=N$19, ($B$8*O19+(1-$B$8)*O20)/EXP($B$5*Parametre!$B$3/Parametre!$B$5),\"\"))","v":""},{"$f":"IF(Parametre!$B$9=1,IF($M20<= O$19, ($B$8*P19+(1-$B$8)*P20)/EXP($B$3*Parametre!$B$3/Parametre!$B$5),\"\"),IF($M20<=O$19, ($B$8*P19+(1-$B$8)*P20)/EXP($B$5*Parametre!$B$3/Parametre!$B$5),\"\"))","v":""},{"$f":"IF(Parametre!$B$9=1,IF($M20<= P$19, ($B$8*Q19+(1-$B$8)*Q20)/EXP($B$3*Parametre!$B$3/Parametre!$B$5),\"\"),IF($M20<=P$19, ($B$8*Q19+(1-$B$8)*Q20)/EXP($B$5*Parametre!$B$3/Parametre!$B$5),\"\"))","v":""},{"$f":"MAX(Parametre!$B$9*(Q13-Parametre!$B$10),0)","v":36.711076391237242}]
[2,{"$f":"IF(Parametre!$B$9=1,IF($A21<= B$19, ($B$6*C20+(1-$B$6)*C21)/EXP($B$5*Parametre!$B$3/Parametre!$B$5),\"\"),IF($A21<=B$19, ($B$6*C20+(1-$B$6)*C21)/EXP($B$3*Parametre!$B$3/Parametre!$B$5),\"\"))","v":""},{"$f":"IF(Parametre!$B$9=1,IF($A21<= C$19, ($B$6*D20+(1-$B$6)*D21)/EXP($B$5*Parametre!$B$3/Parametre!$B$5),\"\"),IF($A21<=C$19, ($B$6*D20+(1-$B$6)*D21)/EXP($B$3*Parametre!$B$3/Parametre!$B$5),\"\"))","v":""},{"$f":"IF(Parametre!$B$9=1,IF($A21<= D$19, ($B$6*E20+(1-$B$6)*E21)/EXP($B$5*Parametre!$B$3/Parametre!$B$5),\"\"),IF($A21<=D$19, ($B$6*E20+(1-$B$6)*E21)/EXP($B$3*Parametre!$B$3/Parametre!$B$5),\"\"))","v":26.981387452395982},{"$f":"MAX(Parametre!$B$9*(E14-Parametre!$B$10),0)","v":6.1294115394751998},null,2,{"$f":"IF($G21<= H$19, ($B$7*I20+(1-$B$7)*I21)/EXP($B$4*Parametre!$B$3/Parametre!$B$5),\"\")","v":""},{"$f":"IF($G21<= I$19, ($B$7*J20+(1-$B$7)*J21)/EXP($B$4*Parametre!$B$3/Parametre!$B$5),\"\")","v":""},{"$f":"IF($G21<= J$19, ($B$7*K20+(1-$B$7)*K21)/EXP($B$4*Parametre!$B$3/Parametre!$B$5),\"\")","v":22.10681484909464},{"$f":"MAX(Parametre!$B$9*(K14-Parametre!$B$10),0)","v":4.872197694424429},null,2,{"$f":"IF(Parametre!$B$9=1,IF($M21<= N$19, ($B$8*O20+(1-$B$8)*O21)/EXP($B$3*Parametre!$B$3/Parametre!$B$5),\"\"),IF($M21<=N$19, ($B$8*O20+(1-$B$8)*O21)/EXP($B$5*Parametre!$B$3/Parametre!$B$5),\"\"))","v":""},{"$f":"IF(Parametre!$B$9=1,IF($M21<= O$19, ($B$8*P20+(1-$B$8)*P21)/EXP($B$3*Parametre!$B$3/Parametre!$B$5),\"\"),IF($M21<=O$19, ($B$8*P20+(1-$B$8)*P21)/EXP($B$5*Parametre!$B$3/Parametre!$B$5),\"\"))","v":""},{"$f":"IF(Parametre!$B$9=1,IF($M21<= P$19, ($B$8*Q20+(1-$B$8)*Q21)/EXP($B$3*Parametre!$B$3/Parametre!$B$5),\"\"),IF($M21<=P$19, ($B$8*Q20+(1-$B$8)*Q21)/EXP($B$5*Parametre!$B$3/Parametre!$B$5),\"\"))","v":18.909784284903917},{"$f":"MAX(Parametre!$B$9*(Q14-Parametre!$B$10),0)","v":3.6285944122038245}]
[1,{"$f":"IF(Parametre!$B$9=1,IF($A22<= B$19, ($B$6*C21+(1-$B$6)*C22)/EXP($B$5*Parametre!$B$3/Parametre!$B$5),\"\"),IF($A22<=B$19, ($B$6*C21+(1-$B$6)*C22)/EXP($B$3*Parametre!$B$3/Parametre!$B$5),\"\"))","v":""},{"$f":"IF(Parametre!$B$9=1,IF($A22<= C$19, ($B$6*D21+(1-$B$6)*D22)/EXP($B$5*Parametre!$B$3/Parametre!$B$5),\"\"),IF($A22<=C$19, ($B$6*D21+(1-$B$6)*D22)/EXP($B$3*Parametre!$B$3/Parametre!$B$5),\"\"))","v":15.445422744963139},{"$f":"IF(Parametre!$B$9=1,IF($A22<= D$19, ($B$6*E21+(1-$B$6)*E22)/EXP($B$5*Parametre!$B$3/Parametre!$B$5),\"\"),IF($A22<=D$19, ($B$6*E21+(1-$B$6)*E22)/EXP($B$3*Parametre!$B$3/Parametre!$B$5),\"\"))","v":3.1750161084212625},{"$f":"MAX(Parametre!$B$9*(E15-Parametre!$B$10),0)","v":0},null,1,{"$f":"IF($G22<= H$19, ($B$7*I21+(1-$B$7)*I22)/EXP($B$4*Parametre!$B$3/Parametre!$B$5),\"\")","v":""},{"$f":"IF($G22<= I$19, ($B$7*J21+(1-$B$7)*J22)/EXP($B$4*Parametre!$B$3/Parametre!$B$5),\"\")","v":11.593501382310146},{"$f":"IF($G22<= J$19, ($B$7*K21+(1-$B$7)*K22)/EXP($B$4*Parametre!$B$3/Parametre!$B$5),\"\")","v":2.2883596959834351},{"$f":"MAX(Parametre!$B$9*(K15-Parametre!$B$10),0)","v":0},null,1,{"$f":"IF(Parametre!$B$9=1,IF($M22<= N$19, ($B$8*O21+(1-$B$8)*O22)/EXP($B$3*Parametre!$B$3/Parametre!$B$5),\"\"),IF($M22<=N$19, ($B$8*O21+(1-$B$8)*O22)/EXP($B$5*Parametre!$B$3/Parametre!$B$5),\"\"))","v":""},{"$f":"IF(Parametre!$B$9=1,IF($M22<= O$19, ($B$8*P21+(1-$B$8)*P22)/EXP($B$3*Parametre!$B$3/Parametre!$B$5),\"\"),IF($M22<=O$19, ($B$8*P21+(1-$B$8)*P22)/EXP($B$5*Parametre!$B$3/Parametre!$B$5),\"\"))","v":9.6357387443496609},{"$f":"IF(Parametre!$B$9=1,IF($M22<= P$19, ($B$8*Q21+(1-$B$8)*Q22)/EXP($B$3*Parametre!$B$3/Parametre!$B$5),\"\"),IF($M22<=P$19, ($B$8*Q21+(1-$B$8)*Q22)/EXP($B$5*Parametre!$B$3/Parametre!$B$5),\"\"))","v":1.6753497325857079},{"$f":"MAX(Parametre!$B$9*(Q15-Parametre!$B$10),0)","v":0}]
[0,{"$f":"IF(Parametre!$B$9=1,IF($A23<= B$19, ($B$6*C22+(1-$B$6)*C23)/EXP($B$5*Parametre!$B$3/Parametre!$B$5),\"\"),IF($A23<=B$19, ($B$6*C22+(1-$B$6)*C23)/EXP($B$3*Parametre!$B$3/Parametre!$B$5),\"\"))","v":8.7616950160225144},{"$f":"IF(Parametre!$B$9=1,IF($A23<= C$19, ($B$6*D22+(1-$B$6)*D23)/EXP($B$5*Parametre!$B$3/Parametre!$B$5),\"\"),IF($A23<=C$19, ($B$6*D22+(1-$B$6)*D23)/EXP($B$3*Parametre!$B$3/Parametre!$B$5),\"\"))","v":1.6446484664656094},{"$f":"IF(Parametre!$B$9=1,IF($A23<= D$19, ($B$6*E22+(1-$B$6)*E23)/EXP($B$5*Parametre!$B$3/Parametre!$B$5),\"\"),IF($A23<=D$19, ($B$6*E22+(1-$B$6)*E23)/EXP($B$3*Parametre!$B$3/Parametre!$B$5),\"\"))","v":0},{"$f":"MAX(Parametre!$B$9*(E16-Parametre!$B$10),0)","v":0},null,0,{"$f":"IF($G23<= H$19, ($B$7*I22+(1-$B$7)*I23)/EXP($B$4*Parametre!$B$3/Parametre!$B$5),\"\")","v":6.0137165102252066},{"$f":"IF($G23<= I$19, ($B$7*J22+(1-$B$7)*J23)/EXP($B$4*Parametre!$B$3/Parametre!$B$5),\"\")","v":1.0747901515149865},{"$f":"IF($G23<= J$19, ($B$7*K22+(1-$B$7)*K23)/EXP($B$4*Parametre!$B$3/Parametre!$B$5),\"\")","v":0},{"$f":"MAX(Parametre!$B$9*(K16-Parametre!$B$10),0)","v":0},null,0,{"$f":"IF(Parametre!$B$9=1,IF($M23<= N$19, ($B$8*O22+(1-$B$8)*O23)/EXP($B$3*Parametre!$B$3/Parametre!$B$5),\"\"),IF($M23<=N$19, ($B$8*O22+(1-$B$8)*O23)/EXP($B$5*Parametre!$B$3/Parametre!$B$5),\"\"))","v":4.8667150636818919},{"$f":"IF(Parametre!$B$9=1,IF($M23<= O$19, ($B$8*P22+(1-$B$8)*P23)/EXP($B$3*Parametre!$B$3/Parametre!$B$5),\"\"),IF($M23<=O$19, ($B$8*P22+(1-$B$8)*P23)/EXP($B$5*Parametre!$B$3/Parametre!$B$5),\"\"))","v":0.77352175736011686},{"$f":"IF(Parametre!$B$9=1,IF($M23<= P$19, ($B$8*Q22+(1-$B$8)*Q23)/EXP($B$3*Parametre!$B$3/Parametre!$B$5),\"\"),IF($M23<=P$19, ($B$8*Q22+(1-$B$8)*Q23)/EXP($B$5*Parametre!$B$3/Parametre!$B$5),\"\"))","v":0},{"$f":"MAX(Parametre!$B$9*(Q16-Parametre!$B$10),0)","v":0}]

{"sheet":"Resultat","index":3,"n_rows":183,"n_cols":21,"rows_kept":183,"cut":false,"hidden":false,"merged":[]}
["Call",null,null,null,null,null,null,null,null,null,null,"Put"]
[null,"Strike","Prix","Ecart Relatif","VAR","Ecart VAR","RM VAR","ES","Ecart ES","RM ES",null,null,"Strike","Prix","Ecart Relatif","VAR","Ecart VAR","RM VAR","ES","Ecart ES","RM ES"]
[null,55,46.041833733895842,1.7271035339722296E-2,-73.85397877558141,6.5906584320714723E-2,0.74992682107963049,-69.332278412980585,4.9063039761369609E-2,0.69763876860493079,null,null,55,3.8214930135559218E-2,0.10581747617674719,-9.1243999451875654E-3,-2.9663200892437236E-2,0.2849132036853303,-8.7402485868240468E-3,-2.5878588546993653E-2,0.31991852954768285]
[null,55.5,45.554954643368347,1.7603882271685745E-2,-73.85397877558141,6.5906584320714723E-2,0.74992682107963049,-69.332278412980585,4.9063039761369609E-2,0.69763876860493079,null,null,55.5,4.3055618489341516E-2,9.70476668208482E-2,-1.3652251640423118E-2,-2.9612058348531534E-2,0.28482240260751007,-1.3078559005363822E-2,-2.5841983709593452E-2,0.31979906665908325]
[null,56,45.068293750531204,1.7934023882114181E-2,-73.85397877558141,6.5906584320714723E-2,0.74992682107963049,-69.332278412980585,4.9063039761369609E-2,0.69763876860493079,null,null,56,4.8114504533496569E-2,7.9039422512205526E-2,-1.8180103335658671E-2,-2.9586388419372889E-2,0.28477667957968317,-1.7416869423903598E-2,-2.5823613391350753E-2,0.31973892606553594]
[null,56.5,44.582032799012218,1.8280729517980321E-2,-73.85397877558141,6.5906584320714723E-2,0.74992682107963049,-69.332278412980585,4.9063039761369609E-2,0.69763876860493079,null,null,56.5,5.3349681417058897E-2,6.8415776445092114E-2,-2.2707955030894091E-2,-2.957095474529603E-2,0.28474914168565391,-2.175517984244325E-2,-2.5812569375750383E-2,0.3197027097039758]
[null,57,44.09623309266545,1.8645980798939421E-2,-73.85397877558141,6.5906584320714723E-2,0.74992682107963049,-69.332278412980585,4.9063039761369609E-2,0.69763876860493079,null,null,57,5.9365710806858915E-2,7.3972230069085709E-2,-2.7235806726129651E-2,-2.9560652379968189E-2,0.28473073951823402,-2.6093490260983031E-2,-2.5805197582558947E-2,0.3196785102089269]
[null,57.5,43.611300920569875,1.8994767926816758E-2,-73.85397877558141,6.5906584320714723E-2,0.74992682107963049,-69.332278412980585,4.9063039761369609E-2,0.69763876860493079,null,null,57.5,6.6441198463369072E-2,6.2786040844798885E-2,-3.1763658421365207E-2,-2.9553287047401566E-2,0.28471757370667444,-3.0431800679522805E-2,-2.5799927543842638E-2,0.31966119771245083]
[null,58,43.126736949871642,1.934913304723751E-2,-73.85397877558141,6.5906584320714723E-2,0.74992682107963049,-69.332278412980585,4.9063039761369609E-2,0.69763876860493079,null,null,58,7.3769658529464002E-2,5.0537538280121863E-2,-3.6291510116600756E-2,-2.9547759489062853E-2,0.28470768761642351,-3.4770111098062585E-2,-2.5795972566370562E-2,0.31964819846572934]
[null,58.5,42.642580006931041,1.9721540187651376E-2,-73.85397877558141,6.5906584320714723E-2,0.74992682107963049,-69.332278412980585,4.9063039761369609E-2,0.69763876860493079,null,null,58.5,8.1284984775887942E-2,4.3109152568260534E-2,-4.0819361811836374E-2,-2.9543458166223835E-2,0.28469999147204988,-3.9108421516602425E-2,-2.5792895020658624E-2,0.31963807911259423]
[null,59,42.158792112164726,2.0111712424677686E-2,-73.85397877558141,6.5906584320714723E-2,0.74992682107963049,-69.332278412980585,4.9063039761369609E-2,0.69763876860493079,null,null,59,8.9447180521530306E-2,4.4571736916194427E-2,-4.534721350707193E-2,-2.9540015777268391E-2,0.28469383016445476,-4.3446731935142202E-2,-2.5790432068668157E-2,0.31962997806194826]
[null,59.5,41.676447735374275,2.0477934705350531E-2,-73.85397877558141,6.5906584320714723E-2,0.74992682107963049,-69.332278412980585,4.9063039761369609E-2,0.69763876860493079,null,null,59.5,9.9450047459158628E-2,3.5041519758438389E-2,-4.9875065202307486E-2,-2.9537198396958786E-2,0.28468878618791305,-4.7785042353681986E-2,-2.5788416320587149E-2,0.31962334624473321]
[null,60,41.194824876618114,2.0859359173321712E-2,-73.771726632417483,6.5914373298308515E-2,0.74993268649529943,-69.254771307099062,4.9068789562979775E-2,0.69764493805030992,null,null,60,0.10987717492261342,2.6971600040562427E-2,-5.4402916897543036E-2,-2.9534849974598321E-2,0.28468458087419413,-5.212335277222175E-2,-2.5786736114036368E-2,0.31961781719510335]
[null,60.5,40.713486850916567,2.1257248071404167E-2,-73.624728742505113,6.5921816094890007E-2,0.74993829018476443,-69.11649656812213,4.9074283840226274E-2,0.69765083233113856,null,null,60.5,0.12044050024407017,2.1550168012447912E-2,-7.1519829465833046E-2,-2.9503186747760424E-2,0.28462780017553779,-6.8526569775503726E-2,-2.5764083765151491E-2,0.31954317162814583]
[null,61,40.232178311340363,2.1665727955505032E-2,-73.477730852592728,6.5929288775817829E-2,0.7499439153540618,-68.978221829145198,4.9079800203184698E-2,0.6976567493315311,null,null,61,0.13105374289846519,1.7434512491891319E-2,-8.8636742034123028E-2,-2.9483751662962354E-2,0.28459287255807375,-8.492978677878571E-2,-2.5750180978855508E-2,0.319497262518392]
[null,61.5,39.753143539740535,2.2056017867382538E-2,-73.330732962680344,6.5936791521441718E-2,0.74994956212693153,-68.83994709016828,4.9085338785292532E-2,0.69766268918310181,null,null,61.5,0.14475264000878474,1.2096854703218529E-2,-0.10575365460241304,-2.9470607525133308E-2,0.28456921812304603,-0.10133300378206769,-2.5740778977439538E-2,0.31946617431543534]
[null,62,39.275433291654046,2.2465271726929359E-2,-73.183735072767988,6.5944324513565578E-2,0.74995523062806602,-68.701672351191348,4.909089972106373E-2,0.69766865201848061,null,null,62,0.15927052701152752,6.835105407290154E-3,-0.12287056717070305,-2.9461125346101014E-2,0.28455213748226044,-0.11773622078534968,-2.5733996670048054E-2,0.3194437275065814]
[null,62.5,38.797869745911562,2.2888811580003887E-2,-73.036737182855603,6.5951887935461695E-2,0.74996092098312006,-68.56339761221443,4.9096483146101599E-2,0.69767463797132845,null,null,62.5,0.17386147577802841,2.9155026937228712E-3,-0.13998747973899303,-2.9453961903435855E-2,0.28453922458705821,-0.13413943778863166,-2.572887304652105E-2,0.31942675874764104]
[null,63,38.320306200169092,2.3323272363247938E-2,-72.889739292943233,6.5959481971887168E-2,0.74996663331871949,-68.425122873237498,4.9102089197106791E-2,0.69768064717634315,null,null,63,0.18845242454452935,-3.7343145633883523E-4,-0.15710439230728304,-2.944835933671186E-2,0.28452911988532636,-0.15054265479191362,-2.5724865931560426E-2,0.31941348078206955]
[null,63.5,37.844514349077649,2.3731896586075552E-2,-72.742741403030848,6.5967106809096121E-2,0.74997236776246856,-68.286848134260566,4.9107718011891066E-2,0.69768667976927135,null,null,63.5,0.20528962676101439,-7.1253280044568656E-3,-0.17422130487557302,-2.9443857606217261E-2,0.28452099716120555,-0.1669458717951956,-2.5721646228495265E-2,0.31940280756944694]
[null,64,37.371840352241087,2.4167264423809121E-2,-72.595743513118478,6.5974762634857909E-2,0.74997812444296219,-68.148573395283634,4.9113369729387513E-2,0.69769273588691794,null,null,64,0.2250674505077167,-1.0593482573514224E-2,-0.19133821744386301,-2.9440161284504329E-2,0.28451432536591836,-0.18334908879847756,-2.5719002607154318E-2,0.31939404110783892]
[null,64.5,36.89922981004004,2.4615933110886168E-2,-72.448745623206094,6.5982449638470886E-2,0.74998390348979505,-68.010298656306702,4.9119044489662311E-2,0.6976988156671593,null,null,64.5,0.24487818893628666,-1.3350106971503628E-2,-0.20845513001215302,-2.9437071974616091E-2,0.28450874761379202,-0.19975230580175954,-2.5716793151467687E-2,0.31938671233882182]
[null,65,36.426619267838994,2.5076652862204396E-2,-72.301747733293723,6.5990168010777728E-2,0.74998970503356921,-67.872023917329784,4.9124742433925395E-2,0.69770491924894651,null,null,65,0.26468892736485672,-1.5682035082312251E-2,-0.225572042580443,-2.9434451496839542E-2,0.28450401519431184,-0.21615552280504152,-2.5714919022232108E-2,0.31938049439477684]
[null,65.5,35.954447208088396,2.5523943622149936E-2,-72.154749843381353,6.5997917944183415E-2,0.74999552920590784,-67.733749178352852,4.9130463704543992E-2,0.69771104677232576,null,null,65.5,0.28493814824391039,-2.0614743066067476E-2,-0.27396601297419054,-2.9409710794969457E-2,0.28445928319578001,-0.26253984392715668,-2.5697225747122077E-2,0.31932172620536098]
[null,66,35.487546819366358,2.5964886330997361E-2,-72.007751953468969,6.6005699632667669E-2,0.75000137613946061,-67.595474439375934,4.9136208445052176E-2,0.69771719837844071,null,null,66,0.31050756393559908,-2.5805812041460818E-2,-0.32235998336793797,-2.9392397689262939E-2,0.28442792467857286,-0.30892416504927178,-2.5684845306817139E-2,0.31928053365666448]
[null,66.5,35.021306303540548,2.6437321297402949E-2,-71.860754063556598,6.6013513271805158E-2,0.75000724596791801,-67.457199700399002,4.9141976800165077E-2,0.69772337420954911,null,null,66.5,0.33695362888028119,-2.7634278838174597E-2,-0.37075395376168552,-2.9379603895360762E-2,0.28440472218679069,-0.35530848617138699,-2.5675697113589968E-2,0.3192500579255918]
[null,67,34.555065787714753,2.692295817023127E-2,-71.713756173644214,6.6021359058777929E-2,0.75001313882601772,-67.31892496142207,4.9147768915789092E-2,0.69772957440902861,null,null,67,0.3633996938249634,-2.9191186591614793E-2,-0.41914792415543295,-2.9369764163075684E-2,0.2843868599502023,-0.4016928072935021,-2.5668661526081604E-2,0.31922659822317739]
[null,67.5,34.088825271888965,2.7422358169773231E-2,-71.566758283731843,6.6029237192395174E-2,0.75001905484955689,-67.180650222445138,4.9153584939035655E-2,0.69773579912139305,null,null,67.5,0.38984575876964556,-3.0532850271011491E-2,-0.46754189454918049,-2.9361961255995328E-2,0.28437268458042331,-0.44807712841561725,-2.5663082494809197E-2,0.31920798183460092]
[null,68,33.626446560273379,2.7868542338078228E-2,-71.419760393819473,6.6037147873108548E-2,0.75002499417540514,-67.042375483468206,4.9159425018233227E-2,0.69774204849229959,null,null,68,0.41932595112296112,-3.7863981027101201E-2,-0.51593586494292798,-2.9355622057308794E-2,0.28436116137626022,-0.49446144953773247,-2.5658550129357582E-2,0.3191928492279732]
[null,68.5,33.167868852278644,2.8351203432942063E-2,-71.272762503907103,6.6045091303029269E-2,0.75003095694150967,-66.904100744491302,4.9165289302940174E-2,0.69774832266856412,null,null,68.5,0.45348637373699441,-4.0215367700046301E-2,-0.56432983533667547,-2.9350370028845774E-2,0.2843516096935188,-0.54084577065984751,-2.5654795146550669E-2,0.31918030616736531]
[null,69,32.709658000976603,2.8859410134583818E-2,-71.125764613994718,6.6053067685944988E-2,0.75003694328690862,-66.76582600551437,4.9171177943955646E-2,0.69775462179816616,null,null,69,0.48820633523464374,-4.1129173479079184E-2,-0.61272380573042295,-2.9345947584621723E-2,0.28434356343887163,-0.58723009178196273,-2.5651633340899926E-2,0.31916974034435819]
[null,69.5,32.251447149674561,2.9382581665527985E-2,-70.978766724082348,6.6061077227339116E-2,0.75004295335174442,-66.627551266537438,4.9177091093336012E-2,0.69776094603026917,null,null,69.5,0.52292629673229341,-4.1920226402842875E-2,-0.66111777612417044,-2.9342172556346968E-2,0.28433669270745326,-0.63361441290407783,-2.5648934444749916E-2,0.31916071839050902]
[null,70,31.79465440553685,2.9967327559482726E-2,-70.831768834169964,6.6069120134405024E-2,0.75004898727726899,-66.489276527560506,4.9183028904404402E-2,0.69776729551522343,null,null,70,0.55847736149067451,-4.1184834410044058E-2,-0.70951174651791793,-2.9338912474371925E-2,0.28433075742764308,-0.67999873402619304,-2.5646603732741302E-2,0.31915292496145559]
[null,70.5,31.343168541405504,3.0379244838783404E-2,-70.684770944257593,6.6077196616067813E-2,0.75005504520586075,-66.351001788583588,4.9188991531766924E-2,0.69777367040458782,null,null,70.5,0.59862524479394741,-4.9650481820949777E-2,-0.8173990663005678,-2.9319073591777656E-2,0.28429460340235335,-0.78342360815488055,-2.5632421061966948E-2,0.3191054559280635]
[null,71,30.894174230948838,3.0883422666624138E-2,-70.537773054345209,6.6085306882999184E-2,0.75006112728103214,-66.212727049606656,4.9194979131323091E-2,0.69778007085112981,null,null,71,0.64242849020051151,-5.1666546793079471E-2,-0.92528638608321767,-2.9303860541254667E-2,0.28426683802205849,-0.88684848228356816,-2.5621546096980086E-2,0.31906900519687692]
[null,71.5,30.445884433767393,3.1426854123217662E-2,-70.390775164432824,6.6093451147637872E-2,0.75006723364744177,-66.074452310629709,4.9200991860282262E-2,0.69778649700884976,null,null,71.5,0.68726955805381418,-5.1986699335066389E-2,-1.0331737058658674,-2.9291824344141792E-2,0.28424484521811921,-0.99027335641225578,-2.5612942538608907E-2,0.31904013541954029]
[null,72,29.99765629694685,3.1989248336061316E-2,-70.243777274520468,6.6101629624206959E-2,0.75007336445090611,-65.936177571652806,4.9207029877176067E-2,0.69779294903298483,null,null,72,0.73214826379174003,-5.2218732766248555E-2,-1.1410610256485174,-2.9282063972738692E-2,0.28422699428137216,-1.0936982305409435,-2.5605966048684259E-2,0.31901670435689428]
[null,72.5,29.553864613095698,3.2651540462858009E-2,-70.096779384608098,6.6109842528733198E-2,0.75007951983841015,-65.797902832675874,4.9213093341871961E-2,0.69779942708002529,null,null,72.5,0.77999712274505417,-5.1137300822246989E-2,-1.2489483454311672,-2.9273989704171499E-2,0.28421221586023648,-1.1971231046696309,-2.5600194944233601E-2,0.31899730743022209]
[null,73,29.113755596477755,3.3060499663431608E-2,-69.949781494695713,6.6118090079066105E-2,0.75008569995812302,-65.659628093698942,4.921918241558787E-2,0.69780593130772728,null,null,73,0.83152864893157874,-5.7895495535274843E-2,-1.3568356652138172,-2.9267199365082375E-2,0.28419977954845166,-1.3005479787983185,-2.5595341670343941E-2,0.31898098537929692]
[null,73.5,28.67559672367959,3.3552641044410025E-2,-69.802783604783343,6.6126372494897279E-2,0.75009190495940392,-65.521353354722024,4.9225297260906853E-2,0.69781246187512314,null,null,73.5,0.88583477633800412,-6.0843747965649508E-2,-1.4647229849964669,-2.9261409264997762E-2,0.28418916945355699,-1.4039728529270061,-2.5591203399502493E-2,0.31896706073949993]
[null,74,28.239322412606757,3.4129559711770119E-2,-69.655785714870959,6.6134689997778606E-2,0.75009813499281786,-65.383078615745092,4.9231438041790421E-2,0.69781901894253606,null,null,74,0.94282219689267621,-6.0764968452588941E-2,-1.5726103047791169,-2.9256413557182004E-2,0.28418001083252381,-1.5073977270556937,-2.5587632966656448E-2,0.3189550414447383]
[null,74.5,27.805055873384493,3.479998076251456E-2,-69.508787824958574,6.6143042811144692E-2,0.75010439021014841,-65.24480387676816,4.9237604923594525E-2,0.69782560267159355,null,null,74.5,1.0010860759899858,-5.9495946490329854E-2,-1.6804976245617669,-2.9252059252578233E-2,0.28417202490875754,-1.6108226011843814,-2.5584521000656446E-2,0.31894456146723726]
[null,75,27.374131682545844,3.5528211468395021E-2,-69.361789935046204,6.6151431160330176E-2,0.75011067076440741,-65.106529137791227,4.92437980730831E-2,0.69783221322523981,null,null,75,1.0617563611155574,-5.8165487774318181E-2,-1.7883849443444166,-2.9248230277146181E-2,0.2841650000009131,-1.714247475313069,-2.5581784523749151E-2,0.31893534289164455]
[null,75.5,26.947566977582959,3.5927393571617117E-2,-69.214792045133834,6.615985527259105E-2,0.75011697680984801,-64.96825439881431,4.9250017658444945E-2,0.69783885076774987,null,null,75.5,1.1267861321168988,-6.3602194452177185E-2,-1.9840726975703347,-2.92327275095976E-2,0.28413653404301803,-1.9018708994855189,-2.5570705479139866E-2,0.3188979903103123]
[null,76,26.521198893080442,3.63474226668421E-2,-69.067794155221463,6.6168315377125753E-2,0.75012330850198039,-64.829979659837392,4.925626384930637E-2,0.69784551546474194,null,null,76,1.1920860890260654,-6.8181816858359334E-2,-2.1797604507962522,-2.9220007890748079E-2,0.28411315028829565,-2.0894943236579691,-2.5561615903189172E-2,0.31886730944420261]
[null,76.5,26.09918936139108,3.6954706228194301E-2,-68.920796265309093,6.6176811705095817E-2,0.75012966599758135,-64.69170492086046,4.9262536816749192E-2,0.69785220748319499,null,null,76.5,1.2633753491159105,-6.7828720904870354E-2,-2.3754482040221707,-2.9209383682945567E-2,0.28409359924117222,-2.2771177478304194,-2.555402407094931E-2,0.31884165934375952]
[null,77,25.681021889446754,3.7737951912297341E-2,-68.773798375396709,6.6185344489644971E-2,0.75013604945470724,-64.553430181883527,4.9268836733324273E-2,0.69785892699145524,null,null,77,1.3372086828340479,-6.5735657147815707E-2,-2.5711359572480887,-2.9200376498305536E-2,0.28407700997766344,-2.4647411720028694,-2.5547587971728847E-2,0.31881989641878672]
[null,77.5,25.264381204098921,3.8611136533835966E-2,-68.626800485484324,6.6193913965923112E-2,0.75014245903270804,-64.415155442906581,4.927516377306862E-2,0.6978656741592586,null,null,77.5,1.4120529996638456,-6.3182912776791889E-2,-2.7668237104740063,-2.9192643273578844E-2,0.28406275686627841,-2.6523645961753193,-2.5542062360473405E-2,0.31880119927855138]
[null,78,24.853513466316397,3.9003862354045182E-2,-68.479802595571954,6.6202520371107187E-2,0.75014889489224112,-64.276880703929677,4.9281518111521594E-2,0.69787244915773949,null,null,78,1.4926702640589367,-6.7430016028849238E-2,-2.9625114636999244,-2.9185931580390956E-2,0.28405037889144252,-2.8399880203477692,-2.5537266795944702E-2,0.31878496272625367]
[null,78.5,24.442800992697705,3.9396118072734243E-2,-68.332804705659584,6.621116394442228E-2,0.75015535719528514,-64.138605964952745,4.9287899925739564E-2,0.69787925215944868,null,null,78.5,1.573442792617868,-7.1372901122570775E-2,-3.1581992169258424,-2.9180051548310826E-2,0.28403952885305028,-3.0276114445202191,-2.5533065562317492E-2,0.31877073102136244]
[null,79,24.034071655116563,3.9887897700857211E-2,-68.185806815747213,6.6219844927163818E-2,0.7501618461051498,-64.000331225975827,4.9294309394314118E-2,0.69788608333836288,null,null,79,1.6568473251757669,-7.343031728351801E-2,-3.3538869701517608,-2.9174857616224625E-2,0.28402994028481948,-3.2152348686926695,-2.5529354620337674E-2,0.31875815442618494]
[null,79.5,23.633863888395052,4.0772450686512363E-2,-68.038808925834829,6.6228563562720666E-2,0.75016836178649449,-63.862056486998888,4.9300746697387376E-2,0.69789294286990711,null,null,79.5,1.7482462423046208,-7.1034716437945011E-2,-3.549574723377678,-2.9170236319486453E-2,0.28402140527737618,-3.402858292865119,-2.5526052875070593E-2,0.31874696007988307]
[null,80,23.234628615905592,4.1732664147108745E-2,-67.891811035922458,6.6237320096598218E-2,0.75017490440533918,-63.72378174802197,4.9307212016670654E-2,0.69789983093096297,null,null,80,1.8403158555710513,-6.8527057642174038E-2,-3.7452624766035965,-2.916609790546032E-2,0.28401375923080685,-3.5904817170375694,-2.5523096181366167E-2,0.31873693197563341]
[null,80.5,22.839543115657008,4.2325279107748859E-2,-67.173333700279585,6.6251140588748259E-2,0.75018522783852681,-63.048943730241277,4.9317416340703524E-2,0.69791069977608056,null,null,80.5,1.9365352410783636,-6.9836992901068262E-2,-4.0447941921736295,-2.9153703669340336E-2,0.28399084367322214,-3.8777127246673073,-2.551424138922842E-2,0.31870687897052807]
[null,81,22.447020439342573,4.2686041505465511E-2,-66.454856364636711,6.6265260291662464E-2,0.75019577120419356,-62.37410571246059,4.932784167497295E-2,0.69792180061220332,null,null,81,2.0353174505198242,-7.3105325795813636E-2,-4.3443259077436611,-2.9143018289839784E-2,0.28397106804686045,-4.1649437322970453,-2.5506607790969471E-2,0.31868094592003388]
[null,81.5,22.054497763028127,4.3059908810029635E-2,-65.736379028993824,6.6279689028450939E-2,0.7502065416062389,-61.699267694679889,4.9338495278206995E-2,0.69793314094708414,null,null,81.5,2.1340996599612847,-7.6051278691218527E-2,-4.6438576233136928,-2.9133711145977848E-2,0.28395382837230548,-4.4521747399267824,-2.5499959054863464E-2,0.31865833996602888]
[null,82,21.67062650491853,4.3864343224266023E-2,-65.01790169335095,6.6294437056972466E-2,0.75021754645783778,-61.02442967689921,4.934938473052064E-2,0.6979447286159679,null,null,82,2.2407787195658493,-7.5462093528219309E-2,-4.9433893388837253,-2.9125531738754318E-2,0.28393866624052122,-4.7394057475565203,-2.5494116135262312E-2,0.31863845942724017]
[null,82.5,21.291116297371602,4.4913129821001929E-2,-64.299424357708077,6.6309515094154392E-2,0.75022879349845384,-60.349591659118524,4.9360517951401839E-2,0.69795657179963877,null,null,82.5,2.3523201383665668,-7.300967263775282E-2,-5.2429210544537579,-2.911828680684414E-2,0.28392522744875343,-5.0266367551862583,-2.5488940906885027E-2,0.31862083945367742]
[null,83,20.912184201669731,4.5940389804562276E-2,-63.580947022065182,6.632493434196518E-2,0.75024029081199473,-59.674753641337816,4.937190321891971E-2,0.69796867904368731,null,null,83,2.464439669012322,-7.1157494253541009E-2,-5.5424527700237904,-2.9111824861874247E-2,0.28391323398237822,-5.3138677628159954,-2.5484325106371553E-2,0.31860511522225338]
[null,83.5,20.54012511495856,4.62581443240484E-2,-62.862469686422308,6.6340706515168435E-2,0.75025204684618685,-58.999915623557129,4.9383549190252118E-2,0.69798105927907383,null,null,83.5,2.5834322086487984,-7.3874374990883784E-2,-5.8419844855938221,-2.9106025480639675E-2,0.28390246457540264,-5.6010987704457342,-2.5480182676110741E-2,0.31859099640539063]
[null,84,20.168066028247402,4.6587826617321859E-2,-62.143992350779435,6.63568438710056E-2,0.75026407043327625,-58.325077605776436,4.9395464923637666E-2,0.69799372184409414,null,null,84,2.7024247482852743,-7.6338178489508746E-2,-6.1415162011638555,-2.9100791730404807E-2,0.28389274093400613,-5.8883297780754713,-2.5476444348697003E-2,0.31857824907991877]
[null,84.5,19.80082241374252,4.7184791840406692E-2,-61.425515015136554,6.6373359240964769E-2,0.75027637081215992,-57.650239587995763,4.9407659901874901E-2,0.69800667650787485,null,null,84.5,2.8250199544925789,-7.7406134905110058E-2,-6.4410479167338881,-2.909604470750049E-2,0.28388391778751865,-6.1755607857052093,-2.547305374256692E-2,0.31856668266385202]
[null,85,19.439112603073738,4.8103407203286652E-2,-60.707037679493688,6.6390266064808356E-2,0.75028895765205805,-56.975401570215062,4.9420144057489512E-2,0.69801993349550839,null,null,85,2.9530593660682469,-7.6680874212867844E-2,-6.7405796323039198,-2.9091719531910143E-2,0.28387587558120053,-6.4627917933349472,-2.5469964498718412E-2,0.31855614032295393]
[null,85.5,19.081516902291913,4.9284795941145987E-2,-59.9885603438508,6.6407578427048364E-2,0.75030184107786757,-56.300563552434376,4.9432927799717419E-2,0.69803350351496984,null,null,85.5,3.0861922040081042,-7.4487430838792945E-2,-7.1391604564579376,-2.9081586266340165E-2,0.28385702213265118,-6.8450592276229649,-2.5462727044822331E-2,0.31853142699939524]
[null,86,18.726723080859649,5.0176066298541766E-2,-59.270083008207919,6.6425311096080852E-2,0.75031503169732361,-55.625725534653675,4.9446022043447391E-2,0.69804739778595992,null,null,86,3.2221269212975425,-7.3901768873707141E-2,-7.5377412806119546,-2.9072524475632244E-2,0.28384014829614068,-7.2273266619109817,-2.545625510604943E-2,0.3185093100285119]
[null,86.5,18.377235630467801,5.0450235192448512E-2,-58.551605672565046,6.6443479566202113E-2,0.75032854063012744,-54.950887516872989,4.9459438240307296E-2,0.69806162807084848,null,null,86.5,3.3633680096273801,-7.5957725345096483E-2,-7.9363221047659733,-2.9064372749430745E-2,0.28382495783519612,-7.6095940961990003,-2.5450433328631394E-2,0.31848940067567383]
[null,87,18.030025922947232,5.0867942549971179E-2,-57.833128336922158,6.6462100102765209E-2,0.75034237953921312,-54.276049499092288,4.9473188412063829E-2,0.69807620670787884,null,null,87,3.5063839538396042,-7.7372913444008873E-2,-8.3349029289199894,-2.9057000547731415E-2,0.2838112108116787,-7.991861530487018,-2.5445168426873499E-2,0.31847138412087134]
[null,87.5,17.688865065873017,5.1662030139913107E-2,-57.114651001279285,6.6481189790745576E-2,0.75035656066432743,-53.601211481311601,4.9487285186553986E-2,0.69809114664685445,null,null,87.5,3.6541132649255439,-7.7483413671476487E-2,-8.7334837530740081,-2.9050301157555358E-2,0.28379871081834118,-8.3741289647750357,-2.5440384146785955E-2,0.31845500268810933]
[null,88,17.348187833884708,5.2517965330138638E-2,-56.396173665636411,6.650076658702786E-2,0.75037109685813963,-52.926373463530922,4.9501741836363244E-2,0.698106461487498,null,null,88,3.8024208624630806,-7.7444997327984377E-2,-9.1320645772280251,-2.9044186493860424E-2,0.28378729553514198,-8.7563963990630498,-2.5436017548786105E-2,0.31844004344272314]
[null,88.5,17.014461112716354,5.3840170458994141E-2,-55.67769632999353,6.6520849376745517E-2,0.75038600162509117,-52.251535445750228,4.9516572320508878E-2,0.69812216552074791,null,null,88.5,3.959039414820861,-7.546865365411326E-2,-9.5306454013820421,-2.9038583204861967E-2,0.28377682964181083,-9.1386638333510692,-2.5432016223271958E-2,0.31842632888459832]
[null,89,16.684328546747373,5.4726750706755256E-2,-54.959218994350657,6.6541458034045542E-2,0.75040128916324167,-51.576697427969535,4.9531791329397779E-2,0.69813827377323567,null,null,89,4.1192521223780076,-7.5070959686141192E-2,-9.929226225536059,-2.9033429715284664E-2,0.2837671994281572,-9.5209312676390869,-2.5428336176908983E-2,0.3184137098717218]
[null,89.5,16.359251816056663,5.4944215685131637E-2,-54.240741658707776,6.6562613487691102E-2,0.7504169744093806,-50.901859410188841,4.9547414333361406E-2,0.6981548020552425,null,null,89.5,4.2845206652134271,-7.6637730850838803E-2,-10.327807049690078,-2.9028673954186179E-2,0.28375830864588314,-9.9031987019271046,-2.5424940208415014E-2,0.31840206017443862]
[null,90,16.040810957292763,5.5607284463474294E-2,-53.522264323064896,6.6584337791955495E-2,0.75043307308770768,-50.227021392408155,4.9563457635113606E-2,0.69817176701246308,null,null,90,4.455174752349647,-7.6967607757541523E-2,-10.726387873844095,-2.9024271589311423E-2,0.28375007528059421,-10.285466136215122,-2.5421796646504458E-2,0.31839127223822383]
[null,90.5,15.724576174455196,5.6446312163379586E-2,-52.803786987422022,6.6606654203313465E-2,0.75044960176240871,-49.552183374627468,4.9579938426494774E-2,0.69818918618191894,null,null,90.5,4.6276192477039917,-7.6915797369875194E-2,-11.195690988439503,-2.901597021085156E-2,0.28373454142030374,-10.735622631767631,-2.5415869091393262E-2,0.31837091956804603]
[null,91,15.408341391617626,5.7321197803193114E-2,-52.085309651779141,6.6629587263489221E-2,0.75046657789450821,-48.877345356846781,4.9596874849925143E-2,0.69820707805243165,null,null,91,4.8000637430583346,-7.6867704401447523E-2,-11.664994103034909,-2.9008336665066969E-2,0.28372024741637603,-11.185779127320139,-2.5410418565465664E-2,0.31835219240161483]
[null,91.5,15.096113934701249,5.851527755507635E-2,-51.366832316136261,6.6653162889484863E-2,0.7504840199033973,-48.202507339066081,4.9614286065025048E-2,0.69822546213007963,null,null,91.5,4.9771361911644787,-7.5963734428693197E-2,-12.134297217630317,-2.9001293479127277E-2,0.28370705052423428,-11.635935622872646,-2.5405389711698367E-2,0.31833490348097626]
[null,92,14.79041355704193,5.9652078925748198E-2,-50.648354980493387,6.6677408471286004E-2,0.75050194723350139,-47.527669321285394,4.9632192320920421E-2,0.69824435900914084,null,null,92,5.1613534404523609,-7.5102120590670673E-2,-12.603600332225724,-2.8994774717201577E-2,0.28369482910169486,-12.086092118425153,-2.5400735419322529E-2,0.31831889324733748]
[null,92.5,14.491698813642998,5.9835553198964719E-2,-49.929877644850507,6.6702352978015078E-2,0.75052038042658897,-46.852831303504708,4.9650615034799284E-2,0.69826379044904607,null,null,92.5,5.3524824694021023,-7.6224936386914299E-2,-13.07290344682113,-2.8988723909974645E-2,0.28368347884840345,-12.536248613977662,-2.5396415343451606E-2,0.3183040249021416]
[null,93,14.201711583690647,6.0678647103411976E-2,-49.211400309207633,6.6728027073398755E-2,0.75053934120028831,-46.177993285724014,4.9669576877369614E-2,0.69828377945796183,null,null,93,5.5509887626505039,-7.6039937884740838E-2,-13.542206561416538,-2.8983092414608613E-2,0.28367290982178905,-12.986405109530169,-2.5392394732563939E-2,0.31829018048851926]
[null,93.5,13.911724353738295,6.1558316853258077E-2,-48.492922973564752,6.6754463241520012E-2,0.75055885253344878,-45.50315526794332,4.9689101865931118E-2,0.69830435038367866,null,null,93.5,5.7494950558989046,-7.5867647238176072E-2,-14.011509676011944,-2.8977838104243703E-2,0.28366304404867299,-13.436561605082677,-2.5388643491652485E-2,0.31827725775536514]
[null,94,13.621737123785946,6.2476995370599475E-2,-47.774445637921872,6.6781695923933349E-2,0.75057893875904069,-44.828317250162634,4.970921546586049E-2,0.69832552901254163,null,null,94,5.9480013491473072,-7.5706798540165043E-2,-14.48081279060735,-2.8972924312287818E-2,0.28365381359829966,-13.886718100635184,-2.5385135427569816E-2,0.31826516762755169]
[null,94.5,13.331749893833589,6.3437336245086184E-2,-47.055968302278998,6.6809761669367251E-2,0.75059962566539518,-44.15347923238194,4.972994470141967E-2,0.69834734267729048,null,null,94.5,6.1465076423957088,-7.5556288619583301E-2,-14.950115905202761,-2.8968318975518548E-2,0.28364515901602561,-14.336874596187693,-2.5381847636530064E-2,0.31825383214985764]
[null,95,13.047600566098726,6.491871708114294E-2,-46.337490966636118,6.6838699297374848E-2,0.75062094060666196,-43.478641214601247,4.9751318276895828E-2,0.69836982037474593,null,null,95,6.351525586711519,-7.4466284772068403E-2,-15.419419019798164,-2.8963993933645349E-2,0.28363702804128937,-14.787031091740198,-2.5378760003473833E-2,0.31824318280425912]
[null,95.5,12.776322660285173,6.5233136984615747E-2,-45.619013630993237,6.6868550077478828E-2,0.7506429126234837,-42.803803196820553,4.9773366709213063E-2,0.69839299289440315,null,null,95.5,6.5695209379012276,-7.5004848872439744E-2,-15.918377492639566,-2.8957153053466578E-2,0.2836241611432756,-15.265695559279651,-2.5373876426511677E-2,0.31822633134953593]
[null,96,12.513437642968871,6.6109070690978822E-2,-44.900536295350364,6.6899357925547465E-2,0.75066557257500255,-42.128965179039874,4.979612247331322E-2,0.69841689295914944,null,null,96,6.7949788585228266,-7.4724169732879653E-2,-16.417335965480966,-2.8950727903902962E-2,0.2836120692537018,-15.744360026819102,-2.5369289748746748E-2,0.31821049563083897]
[null,96.5,12.250552625652585,6.7024133709032041E-2,-44.182058959707483,6.6931169619366626E-2,0.75068895328346896,-41.45412716125918,4.9819620161749567E-2,0.69844155537943586,null,null,96.5,7.020436779144422,-7.4461364020116161E-2,-16.916294438322367,-2.8944681705655784E-2,0.28360068439838781,-16.223024494358551,-2.5364973693747017E-2,0.31819558649840901]
[null,97,11.987667608336292,6.798100789018946E-2,-43.463581624064602,6.6964035035632419E-2,0.75071308969286221,-40.779289143478493,4.9843896660155762E-2,0.69846701722245053,null,null,97,7.2458946997660156,-7.4214777166304202E-2,-17.415252911163769,-2.8938981893591897E-2,0.28358994632649681,-16.701688961898004,-2.5360904996947986E-2,0.3181815249386728]
[null,97.5,11.724782591019997,6.8982625894778105E-2,-42.745104288421729,6.6998007410893567E-2,0.75073801904315762,-40.1044511256978,4.9868991340448643E-2,0.69849331799799985,null,null,97.5,7.4713526203876164,-7.3982952711405425E-2,-17.914211384005167,-2.8933599529979315E-2,0.28357980144390799,-17.180353429437453,-2.5357062986139045E-2,0.3181682406734766]
[null,98,11.461897573703705,7.0032201213765966E-2,-42.026626952778848,6.7033143629307679E-2,0.750763781062045,-39.429613107917106,4.9894946273910668E-2,0.69852049986309706,null,null,98,7.6968105410092083,-7.3764603514661853E-2,-18.413169856846569,-2.8928508813103382E-2,0.28357020191860921,-17.659017896976902,-2.5353429230169144E-2,0.31815567098536496]
[null,98.5,11.20891846856712,7.1027200848467142E-2,-41.308149617135975,6.7069504540492542E-2,0.75079041817618597,-38.75477509013642,4.9921806466555418E-2,0.69854860784742945,null,null,98.5,7.9325163386296698,-7.3474487777864472E-2,-18.912128329687967,-2.8923686663656634E-2,0.28356110492658032,-18.137682364516355,-2.5349987243270644E-2,0.31814375972746395]
[null,99,10.973474834073036,7.1930505420612301E-2,-40.589672281493094,6.7107155311199262E-2,0.75081797574437914,-38.079937072355726,4.9949620119569493E-2,0.69857769010230109,null,null,99,8.1853087629435191,-7.3122633855599584E-2,-19.411086802529368,-2.8919112374905187E-2,0.28355247201308975,-18.616346832055807,-2.534672223499268E-2,0.31813245648498245]
[null,99.5,10.738031199578959,7.287504878578499E-2,-39.871194945850213,6.7146165815088255E-2,0.75084650231530969,-37.405099054575032,4.9978438917980927E-2,0.69860779817589491,null,null,99.5,8.4381011872573684,-7.279161814275692E-2,-19.910045275370774,-2.8914767315450174E-2,0.28354426854931969,-19.095011299595257,-2.5343620897740338E-2,0.31812171586192539]
[null,100,10.50258756508487,7.3863720940492872E-2,-39.15271761020734,6.7186611065513047E-2,0.7508760499129874,-36.730261036794346,5.000831835120656E-2,0.69863898731820195,null,null,100,8.6908936115712176,-7.247964269577134E-2,-20.409003748212172,-2.8910634675581748E-2,0.28353646326810267,-19.573675767134709,-2.5340671225483336E-2,0.31811149687173434]
[null,100.5,10.267143930590795,7.4899688379792995E-2,-38.434240274564473,6.7228571696947625E-2,0.75090667435338143,-36.055423019013674,5.0039318069649674E-2,0.6986713168193901,null,null,100.5,8.9436860358850669,-7.2185110626700411E-2,-20.807296837823376,-2.8904196575641583E-2,0.28352429811513996,-19.955875451295878,-2.5336076124066187E-2,0.31809557034574265]
[null,101,10.031700296096709,7.59864279748661E-2,-37.715762938921586,6.7272134501560554E-2,0.75093843559632467,-35.380585001232966,5.0071502282177827E-2,0.69870485038597785,null,null,101,9.1964784601989145,-7.1906598763651686E-2,-21.205589927434602,-2.8898000241760147E-2,0.2835125833816054,-20.338075135457068,-2.5331653686996525E-2,0.31808023417881381]
[null,101.5,9.7962566616026248,7.7127765956682692E-2,-36.997285603278726,6.7317393028451411E-2,0.75097139813734382,-34.705746983452293,5.0104940200050185E-2,0.69873965655984416,null,null,101.5,9.449270884512762,-7.1642834654264798E-2,-21.603883017045803,-2.8892032306585103E-2,0.28350129450675393,-20.720274819618236,-2.5327394361758904E-2,0.31806545614340365]
[null,102,9.5765725809906712,7.8178705719782693E-2,-36.278808267635831,6.7364448254250142E-2,0.75100563144480537,-34.030908965671593,5.0139706533750328E-2,0.69877580918585147,null,null,102,9.717580743007332,-7.1315777253878054E-2,-22.002176106657032,-2.8886280370378548E-2,0.28349040868365533,-21.102474503779426,-2.532328928772587E-2,0.31805120631576983]
[null,102.5,9.3683744702918581,7.9146499626729483E-2,-35.560330931992965,6.7413409335203234E-2,0.75104121044862049,-33.356070947890913,5.0175882050237597E-2,0.69881338793482284,null,null,102.5,9.9975617577954381,-7.0933775937707E-2,-22.400469196268233,-2.8880732915023022E-2,0.28347990470538215,-21.484674187940595,-2.5319330234629511E-2,0.31803745687372942]
[null,103,9.1601763595930521,8.0160146189828474E-2,-34.84185359635007,6.7464394452530163E-2,0.75107821608772951,-32.681232930110205,5.0213554199361132E-2,0.69885247888964808,null,null,103,10.277542772583537,-7.0572298438347336E-2,-22.798762285879462,-2.8875379227034204E-2,0.28346976282712744,-21.866873872101788,-2.5315509547485848E-2,0.31802418191534298]
[null,103.5,8.9519782488942443,8.1222983124530135E-2,-34.123376260707218,6.7517531764832217E-2,0.75111673592479611,-32.006394912329533,5.025281781965818E-2,0.69889317520359362,null,null,103.5,10.557523787371638,-7.022973399918242E-2,-23.197055375490663,-2.8870209328505703E-2,0.28345996464232875,-22.249073556262957,-2.5311820097193016E-2,0.31801135729606794]
[null,104,8.7437801381954294,8.2338680148168475E-2,-33.404898925064316,6.7572960483716304E-2,0.7511568648379372,-31.331556894548825,5.0293775935539076E-2,0.69893557784142879,null,null,104,10.837504802159739,-6.9904636121033925E-2,-23.595348465101889,-2.8865213915043486E-2,0.28345049297117902,-22.631273240424147,-2.5308255236135335E-2,0.31799896048219167]
[null,104.5,8.5355820274966234,8.3511281312887986E-2,-32.686421589421435,6.76308320916299E-2,0.75119870580098069,-30.656718876768135,5.0336540659956075E-2,0.69897979641576258,null,null,104.5,11.117485816947843,-6.9595702144916616E-2,-23.993641554713101,-2.8860384299880026E-2,0.28344133176010855,-23.013472924585322,-2.5304808758209063E-2,0.31798697041870938]
[null,105,8.3308170617700767,8.5192463787671757E-2,-31.967944253778558,6.769131172434717E-2,0.75124237076577172,-29.981880858987441,5.0381234219213367E-2,0.69902595013318469,null,null,105,11.400881824557562,-6.9022893154697118E-2,-24.391934644324319,-2.8855712363465957E-2,0.28343246599096911,-23.395672608746505,-2.5301474862767903E-2,0.31797536740997495]
[null,105.5,8.1363454986815853,8.6223503193650908E-2,-31.214523667794278,6.7719159851832078E-2,0.75126245537280056,-29.274829314762037,5.0401814130049072E-2,0.69904718206360605,null,null,105.5,11.694542493921039,-6.8740814264606764E-2,-24.790227733935531,-2.8851190507914071E-2,0.2834238815988932,-23.777872292907684,-2.5298248122042066E-2,0.31796413301175097]
[null,106,7.9520723743432384,8.6908017590860531E-2,-30.461103081809995,6.7748387124870524E-2,0.75128352033729406,-28.567777770536622,5.0423413612413981E-2,0.69906945209405968,null,null,106,11.998432033985043,-6.8550816187267216E-2,-25.188520823546749,-2.8846811615769075E-2,0.2834155653978333,-24.160071977068863,-2.5295123451651746E-2,0.31795324993336621]
[null,106.5,7.7704003484573496,8.7990133419812322E-2,-29.707682495825718,6.7779098595579956E-2,0.75130563923379612,-27.860726226311218,5.044611035835822E-2,0.69909283826668689,null,null,106.5,12.304935487804432,-6.8172186420969338E-2,-25.586813913157961,-2.8842569012622943E-2,0.28340750501298162,-24.542271661230043,-2.5292096083872728E-2,0.31794270194892216]
[null,107,7.5887283225714626,8.9126374668867747E-2,-28.954261909841442,6.7811410263394656E-2,0.7513288931879829,-27.153674682085818,5.0469990159238698E-2,0.69911742664741838,null,null,107,12.611438941623824,-6.7811674939550981E-2,-25.985107002769176,-2.8838456433172288E-2,0.2833996888193196,-24.924471345391222,-2.5289161543364136E-2,0.31793247381657308]
[null,107.5,7.4070562966855693,9.0320906381068378E-2,-28.200841323857155,6.7845450539212981E-2,0.75135337187091233,-26.446623137860399,5.0495147989392919E-2,0.69914331238437888,null,null,107.5,12.917942395443216,-6.7468011630920643E-2,-26.383400092380391,-2.883446799034417E-2,0.28339210588568825,-25.306671029552398,-2.5286315625092315E-2,0.31792255120504409]
[null,108,7.2253842707996823,9.1578332192468359E-2,-27.447420737872879,6.7881361950989039E-2,0.75137917465461368,-25.739571593634999,5.0521689268586467E-2,0.69917060093834871,null,null,108,13.224445849262603,-6.7140042387353049E-2,-26.781693181991606,-2.8830598147180364E-2,0.28338474592377427,-25.68887071371358,-2.5283554374228023E-2,0.31791292062662013]
[null,108.5,7.0497595959711559,9.3842061783848241E-2,-26.694000151888599,6.7919303138536558E-2,0.75140641196041957,-25.032520049409591,5.0549731338618731E-2,0.6991994095188615,null,null,108.5,13.537214518990501,-6.6394630279694389E-2,-27.179986271602822,-2.8826841691189764E-2,0.28337759924154571,-26.07107039787476,-2.5280874067807768E-2,0.31790356937599984]
[null,109,6.8787770890241795,9.5751991062201114E-2,-25.940579565904294,6.7959451196414333E-2,0.75143520683860554,-24.325468505184158,5.0579405197703764E-2,0.69922986876713999,null,null,109,13.854708761401458,-6.5802947563638914E-2,-27.578279361214051,-2.8823193710925898E-2,0.28337065670066242,-26.453270082035953,-2.5278271197989088E-2,0.31789448547435584]
[null,109.5,6.7138785247993047,9.548992180069793E-2,-25.187158979920042,6.8002004437888619E-2,0.75146569682701003,-23.618416960958779,5.0610857546698806E-2,0.69926212473686356,null,null,109.5,14.178286946534524,-6.5960231862422058E-2,-27.976572450825252,-2.8819649574561623E-2,0.28336390967749825,-26.835469766197118,-2.5275742456732364E-2,0.31788565761815124]
[null,110,6.5559960835035849,9.6388127231194609E-2,-24.433738393935744,6.8047185670979227E-2,0.75149803614784394,-22.91136541673335,5.0644253214615853E-2,0.69929634123610152,null,null,110,14.50867489010283,-6.5671913680785954E-2,-28.374865540436478,-2.8816204910269594E-2,0.28335735002740547,-27.217669450358308,-2.5273284721775591E-2,0.31787707513221047]
[null,110.5,6.3996484570300414,9.7595480834435699E-2,-23.791235561398466,6.8074300190911874E-2,0.75151742725452808,-22.308569282474576,5.0664295329444498E-2,0.69931685994146275,null,null,110.5,14.840552505144599,-6.5302444348400823E-2,-28.773158630047682,-2.8812855588231989E-2,0.28335097005191134,-27.59986913451948,-2.5270895043774E-2,0.31786872792665616]
[null,111,6.2433008305564934,9.8866170171945766E-2,-23.148732728861152,6.810292135420748E-2,0.75153788233470298,-21.705773148215762,5.0685451462397557E-2,0.69933850612929582,null,null,111,15.172430120186361,-6.4948864946642537E-2,-29.171451719658904,-2.8809597704121837E-2,0.28334476246858553,-27.982068818680666,-2.5268570634491727E-2,0.31786060645734249]
[null,111.5,6.0869532040829517,0.10020531321247139,-22.506229896323873,6.8133178326517552E-2,0.75155949142753242,-21.102977013956991,5.0707817150784873E-2,0.69936137535602882,null,null,111.5,15.504307735228119,-6.4610171976582587E-2,-29.569744809270112,-2.8806427563921155E-2,0.28333872038330482,-28.364268502841838,-2.5266308855949715E-2,0.31785270168944613]
[null,112,5.9371557901577043,0.10283530610106006,-21.863727063786559,6.8165215472454799E-2,0.75158235502654536,-20.500180879698181,5.0731499177661288E-2,0.69938557429014514,null,null,112,15.843253397826363,-6.3867814134714873E-2,-29.968037898881335,-2.8803341669949023E-2,0.28333283726471087,-28.746468187003028,-2.5264107210439146E-2,0.31784500506393876]
[null,112.5,5.788538335821114,0.10584046639075151,-21.22122423124928,6.8199194658936646E-2,0.7516065856423092,-19.897384745439403,5.0756617276679572E-2,0.69941122237580378,null,null,112.5,16.183472303151596,-6.3081735869682243E-2,-30.366330988492539,-2.8800336707987317E-2,0.28332710692066265,-29.128667871164197,-2.5261963331320358E-2,0.31783750846667475]
[null,113,5.6458190737840539,0.10633216072708307,-20.578721398712002,6.8235297990492771E-2,0.75163230965402583,-19.294588611180629,5.0783306156776176E-2,0.69943845380454117,null,null,113,16.529589400776352,-6.29330068624816E-2,-30.764624078103747,-2.8797409535408436E-2,0.28332152347649919,-29.510867555325369,-2.5259874974535856E-2,0.31783020419985764]
[null,113.5,5.5050127162485802,0.10595803687948036,-19.936218566174688,6.8273731074104838E-2,0.75165966951438368,-18.691792476921822,5.0811717918971988E-2,0.6994674198637878,null,null,113.5,16.877619402902692,-6.2982731587887364E-2,-31.162917167714969,-2.8794557170212065E-2,0.28331608135494007,-29.893067239486555,-2.5257840010776245E-2,0.3178230849556733]
[null,114,5.3694593366788324,0.10664718564516051,-19.293715733637413,6.831472693715912E-2,0.75168882638884715,-18.088996342663048,5.0842024956823995E-2,0.69949829174892508,null,null,114,17.230573655656329,-6.276259305995413E-2,-31.56121025732617,-2.8791776780891176E-2,0.2833107752575173,-30.275266923647724,-2.5255856418237577E-2,0.31781614379190076]
[null,114.5,5.2368194762421272,0.10798939138772257,-18.651212901100095,6.8358550756197234E-2,0.75171996333266433,-17.486200208404235,5.0874423457352158E-2,0.6995312639492991,null,null,114.5,17.586259101746801,-6.2405583968207168E-2,-31.959503346937389,-2.8789065677058634E-2,0.28330560014735606,-30.65746660780891,-2.5253922275921936E-2,0.31780937410933507]
[null,115,5.1041796158054158,0.10940487415787947,-18.00871006856282,6.8405505599214766E-2,0.75175328913787476,-16.88340407414546,5.0909137652656256E-2,0.69956655834964554,null,null,115,17.941944547837263,-6.2062473632307436E-2,-32.357796436548604,-2.87864213007617E-2,0.28330055123323039,-31.039666291970089,-2.5252035757431512E-2,0.31780276963085918]
[null,115.5,4.9768145938440806,0.1120784756055222,-17.490590684193418,6.8431715298650442E-2,0.75177187519530242,-16.397429348016139,5.0928515183572776E-2,0.69958624424996763,null,null,115.5,18.303558243035472,-6.1428476612260807E-2,-32.756089526159826,-2.8783841218433248E-2,0.28329562395477459,-31.421865976131279,-2.5250195125216535E-2,0.31779632438202765]
[null,116,4.8511801607158507,0.11530433874068979,-16.972471299824054,6.8459526613533717E-2,0.75179158443989769,-15.911454621886854,5.0949077170253654E-2,0.69960712132244784,null,null,116,18.667116900482984,-6.072037157165E-2,-33.154382615771027,-2.8781323113421631E-2,0.28329081396873573,-31.804065660292441,-2.5248398725237098E-2,0.31779003267304817]
[null,116.5,4.7255457275876234,0.11872202492350192,-16.454351915454659,6.848909097739031E-2,0.75181252185809078,-15.425479895757535,5.0970935636612813E-2,0.69962930105486021,null,null,116.5,19.030675557930493,-6.0038312821566575E-2,-33.552675705382249,-2.8778864779053559E-2,0.28328611713620816,-32.186265344453631,-2.5246644982006017E-2,0.31778388908201938]
[null,117,4.6068357972387082,0.11837012752230525,-15.936232531085276,6.8520579535826576E-2,0.7518348059414699,-14.93950516962823,5.0994217193145008E-2,0.69965290929595159,null,null,117,19.40115871815733,-5.9992122206475651E-2,-33.950968794993472,-2.877646411218282E-2,0.28328152951075963,-32.568465028614817,-2.5244932393980735E-2,0.3177778884393555]
[null,117.5,4.488312932127144,0.11789017710431127,-15.418113146715895,6.855418646181799E-2,0.75185857093052133,-14.453530443498927,5.1019065490948368E-2,0.69967808864471603,null,null,117.5,19.7718289436215,-5.9963846593821812E-2,-34.349261884604687,-2.8774119107191631E-2,0.28327704732736042,-32.950664712775996,-2.5243259529273865E-2,0.31777202581327429]
[null,118,4.3710201830984747,0.1176991858678258,-14.899993762346513,6.8590132963381345E-2,0.75188396952106851,-13.967555717369622,5.104564418843216E-2,0.69970500133310043,null,null,118,20.143612901140816,-5.9884631459534376E-2,-34.747554974215902,-2.8771827850399778E-2,0.28327266699209053,-33.332864396937168,-2.5241625021662828E-2,0.31776629649627591]
[null,118.5,4.2601435518708559,0.11918331236458934,-14.38187437797713,6.8628672158432158E-2,0.75191117614870118,-13.481580991240319,5.1074140560175563E-2,0.69973383272526535,null,null,118.5,20.521205933237717,-5.9542053093343039E-2,-35.14584806382711,-2.8769588514857558E-2,0.283268385072525,-33.715064081098348,-2.5240027566866385E-2,0.31776069599254214]
[null,119,4.1519620588245711,0.12147900431873304,-13.863754993607749,6.867009504391719E-2,0.75194039100051202,-12.995606265111014,5.1104769916167525E-2,0.69976479559294102,null,null,119,20.901953763102803,-5.9069599951265706E-2,-35.544141153438332,-2.8767399355487666E-2,0.28326419828875704,-34.097263765259527,-2.5238465919073638E-2,0.3177552200061729]
[null,119.5,4.047309333664713,0.12488850464612544,-13.345635609238368,6.871473785694926E-2,0.75197184494924085,-12.509631538981713,5.1137781051984632E-2,0.69979813537539237,null,null,119.5,21.286832197153448,-5.843089464900264E-2,-35.942434243049547,-2.8765258704549157E-2,0.28326010350502767,-34.479463449420713,-2.5236938887705951E-2,0.31774986443018094]
[null,120,3.9426566085048536,0.1285014895651051,-12.827516224868987,6.876299122196472E-2,0.75200580566711706,-12.023656812852408,5.1173463021841226E-2,0.69983413669910421,null,null,120,21.671710631204103,-5.7814053506444307E-2,-36.340727332660755,-2.8763164967399613E-2,0.28325609772189247,-34.861663133581892,-2.5235445334387041E-2,0.31774462533623993]
[null,120.5,3.838003883344995,0.1323367358325942,-12.430687861530759,6.8788096745233895E-2,0.75202345970640183,-11.651539299338401,5.1192028246538346E-2,0.69985285335785619,null,null,120.5,22.056589065254755,-5.7217972735169709E-2,-36.486345824959081,-2.8761396565705422E-2,0.28325271380788369,-35.001455355591609,-2.5234183866280624E-2,0.31774019963419275]
[null,121,3.7392128512999889,0.13213953824745084,-12.033859498192527,6.8814859325942557E-2,0.75204226751372616,-11.279421785824393,5.121181915778994E-2,0.69987279461410057,null,null,121,22.44732919242027,-5.7092227166935072E-2,-36.631964317257406,-2.8759642217062731E-2,0.28324935626937647,-35.141247577601334,-2.5232932431212829E-2,0.31773580848213712]
[null,121.5,3.6409076106366669,0.13156999328685104,-11.637031134854288,6.8843448620966141E-2,0.75206234601553246,-10.907304272310375,5.1232961279960687E-2,0.69989408471738135,null,null,121.5,22.838555110967452,-5.7007440550667643E-2,-36.777582809555739,-2.8757901754620452E-2,0.28324602479919841,-35.281039799611058,-2.5231690909961468E-2,0.31773145147706722]
[null,122,3.5426023699733458,0.13096946051486413,-11.240202771516071,6.8874058265821603E-2,0.75208382849023825,-10.535186758796376,5.1255597883395065E-2,0.69991686531436093,null,null,122,23.229781029514644,-5.692549532580149E-2,-36.923201301854057,-2.8756175014157948E-2,0.28324271909492743,-35.420832021620768,-2.5230459185185961E-2,0.31772712822221855]
[null,122.5,3.4468382188201785,0.13116926459028311,-10.84337440817783,6.8906910266147925E-2,0.75210686753028722,-10.16306924528236,5.1279893235355534E-2,0.69994129860413623,null,null,122.5,23.62322900221854,-5.6757527501392513E-2,-37.068819794152382,-2.875446183403485E-2,0.28323943885879771,-35.5606242436305,-2.5229237141390581E-2,0.31772283832695031]
[null,123,3.3603238511500702,0.13450345199492331,-10.446546044839611,6.8942260390990162E-2,0.75213163867228161,-9.790951731768363,5.1306036592807303E-2,0.6999675712061596,null,null,123,24.026410581405187,-5.6212657946060229E-2,-37.214438286450701,-2.8752762055138437E-2,0.28323618379762028,-35.700416465640217,-2.5228024664887827E-2,0.31771858140662512]
[null,123.5,3.2744579089717525,0.13826057089356225,-10.04971768150137,6.898040484505974E-2,0.75215834487783861,-9.4188342182543447,5.1334247142344802E-2,0.69999589893583447,null,null,123.5,24.430382700460761,-5.5654616283002722E-2,-37.360056778749026,-2.8751075520836333E-2,0.28323295362268575,-35.840208687649941,-2.5226821643763109E-2,0.31771435708250106]
[null,124,3.188591966793437,0.14224706710702328,-9.6528893181631545,6.9021688588373875E-2,0.75218722210723576,-9.0467167047403478,5.1364780160176426E-2,0.7000265327464148,null,null,124,24.834354819516335,-5.5114101151562345E-2,-37.505675271047345,-2.8749402076927555E-2,0.28322974804968243,-35.980000909659658,-2.522562796784078E-2,0.31771016498160909]
[null,124.5,3.1027260246151185,0.14648460774314342,-9.2560609548249122,6.9066515798170025E-2,0.75221854630994156,-8.6745991912263278,5.1397934758806052E-2,0.70005976618362165,null,null,124.5,25.238326938571905,-5.4590299628382133E-2,-37.651293763345677,-2.874774157159532E-2,0.28322656679861369,-36.119793131669383,-2.5224443528650498E-2,0.31770600473665339]
[null,125,3.0201654943118923,0.14791590041466463,-8.8592325914866947,6.9115363145516584E-2,0.75225264227083677,-8.3024816777123309,5.1434063718624801E-2,0.70009594482217374,null,null,125,25.64560446950258,-5.4306449387270361E-2,-37.796912255643996,-2.8746093855361643E-2,0.28322340959371639,-36.259585353679107,-2.5223268219393691E-2,0.31770187598589456]
[null,125.5,2.9398536354379727,0.14728303505602458,-8.5675696982985059,6.9139552775218327E-2,0.75226951245802287,-8.0290438218531719,5.1451955491125911E-2,0.70011384722384806,null,null,125.5,26.055130671862546,-5.4181336372108868E-2,-37.942530747942314,-2.8744458781042259E-2,0.28322027616337908,-36.399377575688817,-2.5222101934912589E-2,0.31769777837305058]
[null,126,2.8595417765640536,0.14661537820402781,-8.2759068051103011,6.9165448619672221E-2,0.75228756200353908,-7.7556059659939987,5.1471109551793903E-2,0.70013300241631971,null,null,126,26.464656874222516,-5.4060063881564702E-2,-38.088149240240647,-2.8742836203702438E-2,0.28321716624006682,-36.539169797698548,-2.5220944571657244E-2,0.31769371154719722]
[null,126.5,2.7796354790779065,0.14607719764557325,-7.9842439119221149,6.9193237799868745E-2,0.75230691905628011,-7.4821681101348414,5.1491664369348822E-2,0.70015354667108165,null,null,126.5,26.874698060310461,-5.392432867212027E-2,-38.233767732538965,-2.8741225980615348E-2,0.28321407956024197,-36.678962019708266,-2.5219796027656671E-2,0.31768967516265911]
[null,127,2.7054359775373302,0.14792912993342799,-7.6925810187339101,6.922313583716333E-2,0.75232773102906569,-7.2087302542756673,5.1513779433899565E-2,0.70017563676697436,null,null,127,27.291354739268172,-5.3563217309596456E-2,-38.37938622483729,-2.8739627971218207E-2,0.28321101586429359,-36.818754241717983,-2.5218656202487755E-2,0.31768566887891747]
[null,127.5,2.6360680951280768,0.15200351536474055,-7.4009181255457213,6.9255392253880776E-2,0.75235016835978619,-6.9352923984165091,5.1537639403475444E-2,0.7001994539986528,null,null,127.5,27.71209205013729,-5.3073266988710399E-2,-38.525004717135616,-2.8738042037073308E-2,0.28320797489646293,-36.958546463727707,-2.5217524997245833E-2,0.31768169236051602]
[null,128,2.5667002127188234,0.15632955779924429,-7.1092552323575173,6.9290297553678437E-2,0.7523744291895692,-6.661854542557335,5.1563459272367274E-2,0.70022520916352138,null,null,128,28.132829361006404,-5.2597486474862953E-2,-38.670623209433941,-2.8736468041826946E-2,0.28320495640477028,-37.098338685737431,-2.5216402314517494E-2,0.31767774527696119]
[null,128.5,2.49733233030957,0.1609313158671104,-6.8175923391693214,6.9328191995213784E-2,0.75240074522984735,-6.3884166866981706,5.1591490867628265E-2,0.70025314881761247,null,null,128.5,28.55356667187554,-5.2135269824789887E-2,-38.81624170173226,-2.8734905851171E-2,0.28320196014094734,-37.238130907747156,-2.5215288058350604E-2,0.31767382730263788]
[null,129,2.4279644479003171,0.16583601584323548,-6.5259294459811255,6.9369476720663181E-2,0.75242938918642843,-6.1149788308390036,5.1622031089744613E-2,0.70028356319378149,null,null,129,28.974303982744676,-5.1686045158925498E-2,-38.961860194030585,-2.8733355332803967E-2,0.28319898586036885,-37.377923129756873,-2.521418213422888E-2,0.31766993811671246]
[null,129.5,2.3632610815790538,0.16529414118322805,-6.2342665527929286,6.9414628010996182E-2,0.75246068424494084,-5.8415409749798384,5.165543246938431E-2,0.70031679632143495,null,null,129.5,29.399705809701789,-5.1527102569011274E-2,-39.107478686328911,-2.8731816356394324E-2,0.28319603332198556,-37.517715351766597,-2.5213084449044021E-2,0.31766607740304786]
[null,130,2.298657370819333,0.16459637653367687,-5.9426036596047327,6.9464215743307856E-2,0.75249501631781068,-5.5681031191206714,5.1692116836983049E-2,0.7003532590966145,null,null,130,29.825207292220444,-5.1378493809696502E-2,-39.253097178627236,-2.8730288793543668E-2,0.28319310228826183,-37.657507573776321,-2.5211994911069735E-2,0.31766224485012501]
[null,130.5,2.2342362032832046,0.16395426357223775,-5.7373066840659774,6.948705339102057E-2,0.75251081462229474,-5.3756779997845969,5.1709012208709382E-2,0.70037003946970533,null,null,130.5,30.250950196176277,-5.1226449229903492E-2,-39.398715670925554,-2.8728772517750745E-2,0.2831901925251073,-37.797299795786039,-2.5210913429936088E-2,0.31765844015094863]
[null,131,2.1735064290297919,0.1652538130653276,-5.5320097085272213,6.9511587169423183E-2,0.75252777688657946,-5.1832528804485225,5.1727162646102887E-2,0.7003880572812522,null,null,131,30.681575130009445,-5.0927562465280518E-2,-39.54433416322388,-2.8727267404377144E-2,0.28318730380181817,-37.937092017795763,-2.5209839916605303E-2,0.31765466300296957]
[null,131.5,2.1127766547763787,0.16663123185421447,-5.326712732988466,6.9538013320941783E-2,0.7525460366648371,-4.9908277611124481,5.1746713391856991E-2,0.7004074546504272,null,null,131.5,31.1122000638426,-5.0636768881422434E-2,-39.689952655522205,-2.8725773330612658E-2,0.283184435891015,-38.076884239805487,-2.5208774283346336E-2,0.31765091310800508]
[null,132,2.056321923507872,0.17052723250930257,-5.1214157574497099,6.9566559576072828E-2,0.75256574875601523,-4.7984026417763745,5.1767832998838248E-2,0.70042839632581633,null,null,132,31.546312184927146,-5.0248756906017045E-2,-39.835571147820524,-2.8724290175442757E-2,0.28318158856857939,-38.216676461815204,-2.520771644371167E-2,0.31764719017216048]
[null,132.5,2.0011632994131658,0.17543286300550509,-4.9161187819109546,6.9597491732833028E-2,0.7525870936031076,-4.6059775224403001,5.1790718201903507E-2,0.70045107437619913,null,null,132.5,31.981481551150253,-4.9839563986695756E-2,-39.981189640118849,-2.8722817819613722E-2,0.28317876161360667,-38.356468683824922,-2.5206666312513781E-2,0.31764349390574964]
[null,133,1.9460046753184628,0.18066146913444547,-4.7108218063721994,6.9631121957890674E-2,0.75261028283283571,-4.4135524031042266,5.181560006486885E-2,0.70047571409860399,null,null,133,32.416650917373346,-4.9441018622753408E-2,-40.126808132417182,-2.8721356145603782E-2,0.2831759548083333,-38.496260905834653,-2.5205623805801158E-2,0.31763982402322699]
[null,133.5,1.8911079614644102,0.1858258066245484,-4.5055248308334441,6.9667819358961491E-2,0.75263556629619832,-4.2211272837681522,5.1842751809774601E-2,0.70050258152882683,null,null,133.5,32.852082193837106,-4.9066757382048576E-2,-40.272426624715507,-2.8719905037589255E-2,0.28317316793809472,-38.63605312784437,-2.5204588840838649E-2,0.31763618024310092]
[null,134,1.8399553725968452,0.18514080058492866,-4.3002278552946889,6.9708023588119117E-2,0.75266324110674565,-4.0287021644320777,5.1872498891265106E-2,0.70053199308550207,null,null,134,33.291257595287348,-4.8900307962513212E-2,-40.418045117013826,-2.8718464381415343E-2,0.28317040079126177,-38.775845349854094,-2.5203561336081926E-2,0.31763256228788012]
[null,134.5,1.788802783729281,0.1844174777571288,-4.0949308797559336,6.975226254061595E-2,0.75269366337070964,-3.8362770450960038,5.1905232104885624E-2,0.70056432808997737,null,null,134.5,33.730432996737584,-4.873813691363571E-2,-40.563663609312144,-2.8717034064565383E-2,0.28316765315919173,-38.915637571863812,-2.5202541211159835E-2,0.31762896988398243]
[null,135,1.7400371744420136,0.18527849339184654,-3.8896339042171775,6.9801175663734227E-2,0.75272726359317843,-3.6438519257599293,5.1941424851582818E-2,0.7006000452147837,null,null,135,34.172896399847808,-4.8488530125985196E-2,-40.709282101610469,-2.8715613976132204E-2,0.28316492483617511,-39.055429793873529,-2.5201528386850192E-2,0.31762540276168411]
[null,135.5,1.6920630010848594,0.18674560644637173,-3.7493466827856063,6.9823049379305058E-2,0.75274227710705999,-3.5123881014267919,5.1957610424914424E-2,0.70061600609694152,null,null,135.5,34.616449985158795,-4.8215203652411498E-2,-40.854900593908795,-2.871420400678959E-2,0.28316221561938021,-39.195222015883246,-2.5200522785061574E-2,0.31762186065503906]
[null,136,1.6440888277277037,0.18830230084895128,-3.6090594613540348,6.9846624596376694E-2,0.7527584499508595,-3.380924277093655,5.1975055275266913E-2,0.70063320048504552,null,null,136,35.060003570469753,-4.7948641871518594E-2,-41.00051908620712,-2.8712804048763307E-2,0.28315952530880834,-39.335014237892977,-2.5199524328811784E-2,0.31761834330182243]
[null,136.5,1.5961146543705489,0.18995703967873245,-3.4687722399224632,6.9872107882437362E-2,0.75277592180102915,-3.2494604527605166,5.1993912313278878E-2,0.70065177712037452,null,null,136.5,35.503557155780733,-4.7688596718932108E-2,-41.146137578505446,-2.8711413995804236E-2,0.28315685370724364,-39.474806459902695,-2.5198532942209195E-2,0.31761485044345894]
[null,137,1.5527004316854485,0.19522952142571959,-3.3284850184908912,6.9899740652403564E-2,0.75279485571050841,-3.1179966284273792,5.2014360250610681E-2,0.70067190966015036,null,null,137,35.950703226230594,-4.7339634581090584E-2,-41.291756070803764,-2.8710033743161611E-2,0.28315420062020313,-39.614598681912412,-2.5197548550432547E-2,0.31761138182496373]
[null,137.5,1.5095438573009872,0.20106139426632774,-3.18819779705932,6.992980684052208E-2,0.75281544321268867,-2.9865328040942423,5.2036609281454815E-2,0.7006938021227257,null,null,137.5,36.398052280826029,-4.6993685216738967E-2,-41.43737456310209,-2.8708663187556605E-2,0.28315156585588869,-39.754390903922136,-2.5196571079713403E-2,0.31760793719487856]
[null,138,1.4663872829165256,0.207298893789156,-3.0479105756277485,6.9962642692453558E-2,0.75283791082370233,-2.8550689797611049,5.2060908334522482E-2,0.70071769582602939,null,null,138,36.845401335421478,-4.6655894100023798E-2,-41.582993055400408,-2.8707302227156117E-2,0.28314894922514289,-39.89418312593186,-2.5195600457316503E-2,0.31760451630520925]
[null,138.5,1.4260167582731662,0.20775184958156845,-2.9076233541961765,6.9998649394124923E-2,0.75286252841136758,-2.7236051554279674,5.2087554426438087E-2,0.70074387831994156,null,null,138.5,37.29553643975801,-4.6458539250680664E-2,-41.728611547698733,-2.870595076154836E-2,0.28314635054140302,-40.033975347941578,-2.5194636611522547E-2,0.31760111891137133]
[null,139,1.3866507631422542,0.20747769742445987,-2.7673361327646053,7.0038309544767863E-2,0.75288962008738702,-2.59214133109483,5.2116904862989255E-2,0.70077269501469008,null,null,139,37.746888439246383,-4.6272367400544745E-2,-41.874230039997066,-2.8704608691717537E-2,0.28314376962065868,-40.173767569951309,-2.5193679471609554E-2,0.31759774477212843]
[null,139.5,1.3493524012920108,0.20904029093696419,-2.6270489113330338,7.0082208912301214E-2,0.75291957855733727,-2.4606775067616926,5.2149393353938533E-2,0.70080456450494022,null,null,139.5,38.201206841021843,-4.6016446239863784E-2,-42.019848532295384,-2.8703275920019755E-2,0.28314120628140382,-40.313559791961026,-2.5192728967837419E-2,0.31759439364953101]
[null,140,1.3120540394417677,0.21069612733382037,-2.4867616899014622,7.0131065558803218E-2,0.75295288428061014,-2.3292136824285548,5.2185551588587176E-2,0.70083999903651195,null,null,140,38.655525242797303,-4.5766408185552776E-2,-42.16546702459371,-2.870195235015971E-2,0.283138660344597,-40.453352013970751,-2.5191785031428493E-2,0.31759106530886977]
[null,140.5,1.2747556775915245,0.21245380924925694,-2.3936111319417952,7.0152320555253E-2,0.75296736212935522,-2.2419391008865435,5.2201282500187851E-2,0.70085540367089094,null,null,140.5,39.109843644572742,-4.5522052681842173E-2,-42.316057978252971,-2.8701952350159599E-2,0.28313866034459784,-40.5978282711635,-2.5191785031428382E-2,0.31759106530886994]
[null,141,1.2374573157412816,0.21432303113917595,-2.3004605739821287,7.017529782172649E-2,0.75298300510048011,-2.1546645193445326,5.2218288300493132E-2,0.70087204896698097,null,null,141,39.564162046348194,-4.5283188186496681E-2,-42.466648931912239,-2.870195235015971E-2,0.28313866034459717,-40.74230452835625,-2.5191785031428493E-2,0.31759106530886955]
[null,141.5,1.2001589538910387,0.21631475817078027,-2.2073100160224617,7.0200215527844723E-2,0.7529999597375685,-2.0673899378025213,5.22367305171203E-2,0.70089009109461498,null,null,141.5,40.018480448123661,-4.5049631670074697E-2,-42.6172398855715,-2.8701952350159599E-2,0.28313866034459773,-40.886780785549,-2.5191785031428715E-2,0.3175910653088686]
[null,142,1.1659612878384411,0.22169034016874245,-2.1141594580627947,7.0227330316815273E-2,0.75301839823502925,-1.9801153562605098,5.2256799168198365E-2,0.70090971358232668,null,null,142,40.475158209014751,-4.476552606409967E-2,-42.767830839230761,-2.8701952350159821E-2,0.28313866034459667,-41.031257042741757,-2.5191785031428493E-2,0.31759106530886927]
[null,142.5,1.1327466381038223,0.22850905656568621,-2.0210089001031277,7.0256946177450263E-2,0.75303852430729723,-1.8928407747184985,5.2278719333633816E-2,0.70093113358281323,null,null,142.5,40.932583959602958,-4.4470135464622307E-2,-42.918421792890022,-2.8701952350159821E-2,0.28313866034459645,-41.175733299934507,-2.5191785031428604E-2,0.31759106530886888]
[null,143,1.1003417611036777,0.23336589331617397,-1.927858342143461,7.0289425889960899E-2,0.75306058074684035,-1.805566193176487,5.2302759633110707E-2,0.70095460994289183,null,null,143,41.39081948292565,-4.421601682356946E-2,-43.069012746549284,-2.870195235015971E-2,0.28313866034459784,-41.320209557127264,-2.5191785031428382E-2,0.31759106530887038]
[null,143.5,1.0705186511993379,0.23357878063245052,-1.8347077841837938,7.0325205960870329E-2,0.7530848592664724,-1.718291611634476,5.2329243289099825E-2,0.70098045371483531,null,null,143.5,41.851994446641534,-4.4021921364786443E-2,-43.219603700208552,-2.8701952350159599E-2,0.28313866034459761,-41.464685814320013,-2.5191785031428604E-2,0.31759106530886866]
[null,144,1.0419869264045887,0.23533496001311294,-1.741557226224127,7.0364816354358428E-2,0.75311171347414807,-1.6310170300924647,5.2358562743653581E-2,0.70100904201652015,null,null,144,42.315099091339889,-4.3788374753511383E-2,-43.370194653867813,-2.870195235015971E-2,0.28313866034459739,-41.609162071512763,-2.5191785031428382E-2,0.31759106530887016]
[null,144.5,1.0134552016098399,0.23719546133877079,-1.6484066682644603,7.0408906918803416E-2,0.75314157620853295,-1.5437424485504534,5.2391199236194064E-2,0.70104083655491234,null,null,144.5,42.77820373603825,-4.3559774301794696E-2,-43.520785607527074,-2.8701952350159599E-2,0.28313866034459778,-41.753638328705513,-2.5191785031428382E-2,0.31759106530887005]
[null,145,0.98492347681509163,0.23916986467160339,-1.5552561103047933,7.0458283317826664E-2,0.75317498304671759,-1.4564678670084421,5.2427749424468484E-2,0.70107640875213306,null,null,145,43.241308380736598,-4.333596452794275E-2,-43.671376561186342,-2.870195235015971E-2,0.28313866034459728,-41.89811458589827,-2.5191785031428493E-2,0.31759106530886994]

{"sheet":"Eurib12M","index":4,"n_rows":45,"n_cols":6,"rows_kept":45,"cut":false,"hidden":false,"merged":[]}
["lambda",0.9,"row_max_wP",{"$f":"MATCH(MAX($F$7:$F$45),$F$5:$F$45,0)+4","v":31},"max_P",{"$f":"MAX($C$7:$C$45)","v":5.4950000000000001}]
["n",{"$f":"COUNT($D$7:$D$45)","v":39},"row_min_wP",{"$f":"MATCH(MIN($F$7:$F$45),$F$5:$F$45,0)+4","v":7},"min_P",{"$f":"MIN($C$7:$C$45)","v":-0.186}]
[]
["No","Date","Prix Ask","T","wi","w_Prix"]
[1,"2018-06-05",-0.182,{"$f":"($B$5-B5)/365","v":0},{"$f":"$B$1^($A5-1)*(1-$B$1)/(1-$B$1^$B$2)","v":0.10166974285310838},{"$f":"$E5*$C5","v":-1.8503893199265726E-2}]
[2,"2018-03-30",-0.19,0.18356164383561643,9.1502768567797543E-2,-1.7385526027881532E-2]
[3,"2017-12-29",-0.186,0.43287671232876712,8.2352491711017786E-2,-1.5317563458249308E-2]
[4,"2017-09-29",-0.17199999999999999,0.68219178082191778,7.4117242539916015E-2,-1.2748165716865554E-2]
[5,"2017-06-30",-0.156,0.93150684931506844,6.6705518285924428E-2,-1.0406060852604211E-2]
[6,"2017-03-31",-0.109,1.1808219178082191,6.003496645733198E-2,-6.5438113438491862E-3]
[7,"2016-12-30",-8.2000000000000003E-2,1.4301369863013698,5.4031469811598787E-2,-4.4305805245511004E-3]
[8,"2016-09-30",-6.4000000000000001E-2,1.6794520547945206,4.8628322830438907E-2,-3.1122126611480899E-3]
[9,"2016-06-30",-5.0999999999999997E-2,1.9315068493150684,4.3765490547395015E-2,-2.2320400179171454E-3]
[10,"2016-03-31",-5.0000000000000001E-3,2.1808219178082191,3.9388941492655517E-2,-1.9694470746327758E-4]
[11,"2015-12-31",0.06,2.43013698630137,3.5450047343389968E-2,2.1270028406033979E-3]
[12,"2015-09-30",0.14199999999999999,2.6821917808219178,3.1905042609050978E-2,4.5305160504852384E-3]
[13,"2015-06-30",0.16400000000000001,2.9342465753424656,2.8714538348145878E-2,4.7091842890959242E-3]
[14,"2015-03-31",0.19800000000000001,3.1835616438356165,2.5843084513331293E-2,5.1169307336395966E-3]
[15,"2014-12-31",0.32500000000000001,3.43013698630137,2.3258776061998162E-2,7.5591022201494029E-3]
[16,"2014-09-30",0.33800000000000002,3.6821917808219178,2.0932898455798345E-2,7.075319678059841E-3]
[17,"2014-06-30",0.48799999999999999,3.9342465753424656,1.8839608610218515E-2,9.1937290017866345E-3]
[18,"2014-03-31",0.59,4.183561643835616,1.695564774919666E-2,1.000383217202603E-2]
[19,"2013-12-31",0.55600000000000005,4.4301369863013695,1.5260082974276995E-2,8.4846061336980097E-3]
[20,"2013-09-30",0.53900000000000003,4.6821917808219178,1.3734074676849299E-2,7.4026662508217727E-3]
[21,"2013-06-28",0.52700000000000002,4.9397260273972599,1.236066720916437E-2,6.5140716192296231E-3]
[22,"2013-03-29",0.54700000000000004,5.1890410958904107,1.1124600488247935E-2,6.0851564670716214E-3]
[23,"2012-12-31",0.54200000000000004,5.4301369863013695,1.0012140439423141E-2,5.4265801181673425E-3]
[24,"2012-09-28",0.68400000000000005,5.6876712328767125,9.0109263954808276E-3,6.1634736545088864E-3]
[25,"2012-06-29",1.2130000000000001,5.9369863013698634,8.1098337559327438E-3,9.837228345946419E-3]
[26,"2012-03-30",1.4159999999999999,6.1863013698630134,7.2988503803394699E-3,1.0335172138560689E-2]
[27,"2011-12-30",1.9470000000000001,6.4356164383561643,6.5689653423055246E-3,1.2789775521468857E-2]
[28,"2011-09-30",2.0840000000000001,6.6849315068493151,5.9120688080749719E-3,1.2320751396028241E-2]
[29,"2011-06-30",2.1619999999999999,6.9369863013698634,5.3208619272674751E-3,1.1503703486752281E-2]
[30,"2011-03-31",1.996,7.1863013698630134,4.788775734540728E-3,9.558396366143293E-3]
[31,"2010-12-31",1.5069999999999999,7.4328767123287669,4.3098981610866548E-3,6.4950165287575882E-3]
[32,"2010-09-30",1.4330000000000001,7.6849315068493151,3.8789083449779888E-3,5.5584756583534579E-3]
[33,"2010-06-30",1.306,7.9369863013698634,3.4910175104801906E-3,4.5592688686871292E-3]
[34,"2010-03-31",1.212,8.1863013698630134,3.1419157594321716E-3,3.8080019004317917E-3]
[35,"2009-12-31",1.248,8.4328767123287669,2.8277241834889547E-3,3.5289997809942156E-3]
[36,"2009-09-30",1.236,8.6849315068493151,2.5449517651400591E-3,3.1455603817131129E-3]
[37,"2009-06-30",1.504,8.9369863013698634,2.2904565886260539E-3,3.4448467092935849E-3]
[38,"2009-03-31",1.8120000000000001,9.1863013698630134,2.0614109297634486E-3,3.7352766047313688E-3]
[39,"2008-12-31",3.0489999999999999,9.4328767123287669,1.8552698367871037E-3,5.6567177323638791E-3]
[40,"2008-09-30",5.4950000000000001,9.6849315068493151,1.6697428531083933E-3,9.1752369778306218E-3]
[41,"2008-06-30",5.39,9.9369863013698634,1.5027685677975538E-3,8.0999225804288151E-3]

{"sheet":"ImpVolCAC40","index":5,"n_rows":680,"n_cols":4,"rows_kept":680,"cut":false,"hidden":false,"merged":[]}
["max",{"$f":"MAX($D$5:$D$680)","v":0.14396},"rho",{"$f":"($B$1-$B$2)/(2*$D$680)","v":7.8507032095203794E-2}]
["min",{"$f":"MIN($D$5:$D$680)","v":0.12218999999999999}]
[]
["No","Date     ","Dernier","Prix      "]
[1,"2018-06-05","03:04:00      ",0.13509000000000002]
[2,"2018-06-05","03:05:00      ",0.13586999999999999]
[3,"2018-06-05","03:06:00      ",0.13557]
[4,"2018-06-05","03:07:00      ",0.13525000000000001]
[5,"2018-06-05","03:08:00      ",0.13463]
[6,"2018-06-05","03:09:00      ",0.13428000000000001]
[7,"2018-06-05","03:10:00      ",0.13430999999999998]
[8,"2018-06-05","03:11:00      ",0.13446999999999998]
[9,"2018-06-05","03:12:00      ",0.13433999999999999]
[10,"2018-06-05","03:13:00      ",0.13323000000000002]
[11,"2018-06-05","03:14:00      ",0.13347000000000001]
[12,"2018-06-05","03:15:00      ",0.13342000000000001]
[13,"2018-06-05","03:16:00      ",0.13352]
[14,"2018-06-05","03:17:00      ",0.13336999999999999]
[15,"2018-06-05","03:18:00      ",0.13308999999999999]
[16,"2018-06-05","03:19:00      ",0.13300000000000001]
[17,"2018-06-05","03:20:00      ",0.13326000000000002]
[18,"2018-06-05","03:21:00      ",0.13367999999999999]
[19,"2018-06-05","03:22:00      ",0.13333]
[20,"2018-06-05","03:23:00      ",0.13356000000000001]
[21,"2018-06-05","03:24:00      ",0.13234000000000001]
[22,"2018-06-05","03:25:00      ",0.13223000000000001]
[23,"2018-06-05","03:26:00      ",0.13211000000000001]
[24,"2018-06-05","03:27:00      ",0.12873999999999999]
[25,"2018-06-05","03:28:00      ",0.13099]
[26,"2018-06-05","03:29:00      ",0.13047]
[27,"2018-06-05","03:30:00      ",0.12994999999999998]
[28,"2018-06-05","03:31:00      ",0.12987000000000001]
[29,"2018-06-05","03:32:00      ",0.12981999999999999]
[30,"2018-06-05","03:33:00      ",0.12922]
[31,"2018-06-05","03:34:00      ",0.12903999999999999]
[32,"2018-06-05","03:35:00      ",0.12929000000000002]
[33,"2018-06-05","03:36:00      ",0.12862000000000001]
[34,"2018-06-05","03:37:00      ",0.12922]
[35,"2018-06-05","03:38:00      ",0.12911]
[36,"2018-06-05","03:39:00      ",0.12908]
[37,"2018-06-05","03:40:00      ",0.12967999999999999]
[38,"2018-06-05","03:41:00      ",0.12891]
[39,"2018-06-05","03:42:00      ",0.12856000000000001]
[40,"2018-06-05","03:43:00      ",0.12887000000000001]
[41,"2018-06-05","03:44:00      ",0.128]
[42,"2018-06-05","03:45:00      ",0.12798000000000001]
[43,"2018-06-05","03:46:00      ",0.12878999999999999]
[44,"2018-06-05","03:47:00      ",0.12889]
[45,"2018-06-05","03:48:00      ",0.1268]
[46,"2018-06-05","03:49:00      ",0.12891]
[47,"2018-06-05","03:50:00      ",0.12875]
[48,"2018-06-05","03:51:00      ",0.12829000000000002]
[49,"2018-06-05","03:52:00      ",0.12853000000000001]
[50,"2018-06-05","03:53:00      ",0.12859999999999999]
[51,"2018-06-05","03:54:00      ",0.12636]
[52,"2018-06-05","03:55:00      ",0.12897]
[53,"2018-06-05","03:56:00      ",0.12848000000000001]
[54,"2018-06-05","03:57:00      ",0.12864]
[55,"2018-06-05","03:58:00      ",0.12872999999999998]
[56,"2018-06-05","03:59:00      ",0.12682000000000002]
[57,"2018-06-05","04:00:00      ",0.12865000000000001]
[58,"2018-06-05","04:01:00      ",0.129]
[59,"2018-06-05","04:02:00      ",0.12927]
[60,"2018-06-05","04:03:00      ",0.12955]
[61,"2018-06-05","04:04:00      ",0.13014000000000001]
[62,"2018-06-05","04:05:00      ",0.12989000000000001]
[63,"2018-06-05","04:06:00      ",0.12986]
[64,"2018-06-05","04:07:00      ",0.13047]
[65,"2018-06-05","04:08:00      ",0.12973000000000001]
[66,"2018-06-05","04:09:00      ",0.1298]
[67,"2018-06-05","04:10:00      ",0.12897999999999998]
[68,"2018-06-05","04:11:00      ",0.12905]
[69,"2018-06-05","04:12:00      ",0.12911]
[70,"2018-06-05","04:13:00      ",0.12908]
[71,"2018-06-05","04:14:00      ",0.12906000000000001]
[72,"2018-06-05","04:15:00      ",0.12948999999999999]
[73,"2018-06-05","04:16:00      ",0.12914999999999999]
[74,"2018-06-05","04:17:00      ",0.12897999999999998]
[75,"2018-06-05","04:18:00      ",0.12855]
[76,"2018-06-05","04:19:00      ",0.12853000000000001]
[77,"2018-06-05","04:20:00      ",0.1285]
[78,"2018-06-05","04:21:00      ",0.12866]
[79,"2018-06-05","04:22:00      ",0.12942000000000001]
[80,"2018-06-05","04:23:00      ",0.12853999999999999]
[81,"2018-06-05","04:24:00      ",0.12861]
[82,"2018-06-05","04:25:00      ",0.12866]
[83,"2018-06-05","04:26:00      ",0.12895000000000001]
[84,"2018-06-05","04:27:00      ",0.12842000000000001]
[85,"2018-06-05","04:28:00      ",0.12841]
[86,"2018-06-05","04:29:00      ",0.12934999999999999]
[87,"2018-06-05","04:30:00      ",0.12842000000000001]
[88,"2018-06-05","04:31:00      ",0.12858]
[89,"2018-06-05","04:32:00      ",0.12829000000000002]
[90,"2018-06-05","04:33:00      ",0.12787000000000001]
[91,"2018-06-05","04:34:00      ",0.12792000000000001]
[92,"2018-06-05","04:35:00      ",0.12795999999999999]
[93,"2018-06-05","04:36:00      ",0.12676000000000001]
[94,"2018-06-05","04:37:00      ",0.12737000000000001]
[95,"2018-06-05","04:38:00      ",0.12670999999999999]
[96,"2018-06-05","04:39:00      ",0.12698000000000001]
[97,"2018-06-05","04:40:00      ",0.12685000000000002]
[98,"2018-06-05","04:41:00      ",0.12711]
[99,"2018-06-05","04:42:00      ",0.12706000000000001]
[100,"2018-06-05","04:43:00      ",0.12728]
[101,"2018-06-05","04:44:00      ",0.12723999999999999]
[102,"2018-06-05","04:45:00      ",0.12725]
[103,"2018-06-05","04:46:00      ",0.12740000000000001]
[104,"2018-06-05","04:47:00      ",0.12747]
[105,"2018-06-05","04:48:00      ",0.12753]
[106,"2018-06-05","04:49:00      ",0.12737000000000001]
[107,"2018-06-05","04:50:00      ",0.12736]
[108,"2018-06-05","04:51:00      ",0.12719]
[109,"2018-06-05","04:52:00      ",0.12723999999999999]
[110,"2018-06-05","04:53:00      ",0.12731000000000001]
[111,"2018-06-05","04:54:00      ",0.12733]
[112,"2018-06-05","04:55:00      ",0.12789999999999999]
[113,"2018-06-05","04:56:00      ",0.12756999999999999]
[114,"2018-06-05","04:57:00      ",0.12711]
[115,"2018-06-05","04:58:00      ",0.12705]
[116,"2018-06-05","04:59:00      ",0.12529999999999999]
[117,"2018-06-05","05:00:00      ",0.12685000000000002]
[118,"2018-06-05","05:01:00      ",0.12685000000000002]
[119,"2018-06-05","05:02:00      ",0.12712999999999999]
[120,"2018-06-05","05:03:00      ",0.12758]
[121,"2018-06-05","05:04:00      ",0.12695999999999999]
[122,"2018-06-05","05:05:00      ",0.12776999999999999]
[123,"2018-06-05","05:06:00      ",0.12709000000000001]
[124,"2018-06-05","05:07:00      ",0.12747999999999998]
[125,"2018-06-05","05:08:00      ",0.12420999999999999]
[126,"2018-06-05","05:09:00      ",0.12416000000000001]
[127,"2018-06-05","05:10:00      ",0.12423999999999999]
[128,"2018-06-05","05:11:00      ",0.12408]
[129,"2018-06-05","05:12:00      ",0.12642]
[130,"2018-06-05","05:13:00      ",0.12644]
[131,"2018-06-05","05:14:00      ",0.12667999999999999]
[132,"2018-06-05","05:15:00      ",0.12665999999999999]
[133,"2018-06-05","05:16:00      ",0.12676999999999999]
[134,"2018-06-05","05:17:00      ",0.1275]
[135,"2018-06-05","05:18:00      ",0.12751999999999999]
[136,"2018-06-05","05:19:00      ",0.12670000000000001]
[137,"2018-06-05","05:20:00      ",0.12673999999999999]
[138,"2018-06-05","05:21:00      ",0.12664]
[139,"2018-06-05","05:22:00      ",0.12640999999999999]
[140,"2018-06-05","05:23:00      ",0.12653]
[141,"2018-06-05","05:24:00      ",0.12659999999999999]
[142,"2018-06-05","05:25:00      ",0.12689999999999999]
[143,"2018-06-05","05:26:00      ",0.12626999999999999]
[144,"2018-06-05","05:27:00      ",0.12633]
[145,"2018-06-05","05:28:00      ",0.12692999999999999]
[146,"2018-06-05","05:29:00      ",0.12634000000000001]
[147,"2018-06-05","05:30:00      ",0.12645000000000001]
[148,"2018-06-05","05:31:00      ",0.12218999999999999]
[149,"2018-06-05","05:32:00      ",0.12667]
[150,"2018-06-05","05:33:00      ",0.12669]
[151,"2018-06-05","05:34:00      ",0.12670000000000001]
[152,"2018-06-05","05:35:00      ",0.1265]
[153,"2018-06-05","05:36:00      ",0.12683]
[154,"2018-06-05","05:37:00      ",0.12686999999999998]
[155,"2018-06-05","05:38:00      ",0.12656999999999999]
[156,"2018-06-05","05:39:00      ",0.12615000000000001]
[157,"2018-06-05","05:40:00      ",0.12644]
[158,"2018-06-05","05:41:00      ",0.12659999999999999]
[159,"2018-06-05","05:42:00      ",0.12692000000000001]
[160,"2018-06-05","05:43:00      ",0.12687999999999999]
[161,"2018-06-05","05:44:00      ",0.12691]
[162,"2018-06-05","05:45:00      ",0.12689999999999999]
[163,"2018-06-05","05:46:00      ",0.12667999999999999]
[164,"2018-06-05","05:47:00      ",0.12658]
[165,"2018-06-05","05:48:00      ",0.12704000000000001]
[166,"2018-06-05","05:49:00      ",0.12642]
[167,"2018-06-05","05:50:00      ",0.12709000000000001]
[168,"2018-06-05","05:51:00      ",0.1268]
[169,"2018-06-05","05:52:00      ",0.12691]
[170,"2018-06-05","05:53:00      ",0.12731999999999999]
[171,"2018-06-05","05:54:00      ",0.12737000000000001]
[172,"2018-06-05","05:55:00      ",0.12723999999999999]
[173,"2018-06-05","05:56:00      ",0.12722]
[174,"2018-06-05","05:57:00      ",0.12720000000000001]
[175,"2018-06-05","05:58:00      ",0.12748999999999999]
[176,"2018-06-05","05:59:00      ",0.12770000000000001]
[177,"2018-06-05","06:00:00      ",0.12783]
[178,"2018-06-05","06:01:00      ",0.12784000000000001]
[179,"2018-06-05","06:02:00      ",0.12764]
[180,"2018-06-05","06:03:00      ",0.12692000000000001]
[181,"2018-06-05","06:04:00      ",0.12686]
[182,"2018-06-05","06:05:00      ",0.12676000000000001]
[183,"2018-06-05","06:06:00      ",0.12766]
[184,"2018-06-05","06:07:00      ",0.12679000000000001]
[185,"2018-06-05","06:08:00      ",0.12664999999999998]
[186,"2018-06-05","06:09:00      ",0.12647]
[187,"2018-06-05","06:10:00      ",0.12898999999999999]
[188,"2018-06-05","06:11:00      ",0.12717000000000001]
[189,"2018-06-05","06:12:00      ",0.12644]
[190,"2018-06-05","06:13:00      ",0.12756000000000001]
[191,"2018-06-05","06:14:00      ",0.12661]
[192,"2018-06-05","06:15:00      ",0.12734999999999999]
[193,"2018-06-05","06:16:00      ",0.12639]
[194,"2018-06-05","06:17:00      ",0.12651999999999999]
[195,"2018-06-05","06:18:00      ",0.12656000000000001]
[196,"2018-06-05","06:19:00      ",0.12770000000000001]
[197,"2018-06-05","06:20:00      ",0.12676999999999999]
[198,"2018-06-05","06:21:00      ",0.12673000000000001]
[199,"2018-06-05","06:22:00      ",0.12809999999999999]
[200,"2018-06-05","06:23:00      ",0.12675]
[201,"2018-06-05","06:24:00      ",0.12845000000000001]
[202,"2018-06-05","06:25:00      ",0.12841]
[203,"2018-06-05","06:26:00      ",0.12691]
[204,"2018-06-05","06:27:00      ",0.12856000000000001]
[205,"2018-06-05","06:28:00      ",0.128]
[206,"2018-06-05","06:29:00      ",0.12826000000000001]
[207,"2018-06-05","06:30:00      ",0.12892000000000001]
[208,"2018-06-05","06:31:00      ",0.12930999999999998]
[209,"2018-06-05","06:32:00      ",0.12990000000000002]
[210,"2018-06-05","06:33:00      ",0.13005]
[211,"2018-06-05","06:34:00      ",0.12917000000000001]
[212,"2018-06-05","06:35:00      ",0.12914]
[213,"2018-06-05","06:36:00      ",0.12908]
[214,"2018-06-05","06:37:00      ",0.12908]
[215,"2018-06-05","06:38:00      ",0.12984999999999999]
[216,"2018-06-05","06:39:00      ",0.13041]
[217,"2018-06-05","06:40:00      ",0.1295]
[218,"2018-06-05","06:41:00      ",0.12927]
[219,"2018-06-05","06:42:00      ",0.12906999999999999]
[220,"2018-06-05","06:43:00      ",0.12905]
[221,"2018-06-05","06:44:00      ",0.12912000000000001]
[222,"2018-06-05","06:45:00      ",0.12905]
[223,"2018-06-05","06:46:00      ",0.12928000000000001]
[224,"2018-06-05","06:47:00      ",0.12967999999999999]
[225,"2018-06-05","06:48:00      ",0.1298]
[226,"2018-06-05","06:49:00      ",0.13022999999999998]
[227,"2018-06-05","06:50:00      ",0.12873999999999999]
[228,"2018-06-05","06:51:00      ",0.13002]
[229,"2018-06-05","06:52:00      ",0.12878999999999999]
[230,"2018-06-05","06:53:00      ",0.12960000000000002]
[231,"2018-06-05","06:54:00      ",0.12844]
[232,"2018-06-05","06:55:00      ",0.12848999999999999]
[233,"2018-06-05","06:56:00      ",0.12908]
[234,"2018-06-05","06:57:00      ",0.12817999999999999]
[235,"2018-06-05","06:58:00      ",0.12896000000000002]
[236,"2018-06-05","06:59:00      ",0.12795000000000001]
[237,"2018-06-05","07:00:00      ",0.12791]
[238,"2018-06-05","07:01:00      ",0.12883]
[239,"2018-06-05","07:02:00      ",0.12789]
[240,"2018-06-05","07:03:00      ",0.12817999999999999]
[241,"2018-06-05","07:04:00      ",0.12808999999999998]
[242,"2018-06-05","07:05:00      ",0.12792999999999999]
[243,"2018-06-05","07:06:00      ",0.12814999999999999]
[244,"2018-06-05","07:07:00      ",0.12807000000000002]
[245,"2018-06-05","07:08:00      ",0.12812999999999999]
[246,"2018-06-05","07:09:00      ",0.12803]
[247,"2018-06-05","07:10:00      ",0.12797]
[248,"2018-06-05","07:11:00      ",0.12801000000000001]
[249,"2018-06-05","07:12:00      ",0.128]
[250,"2018-06-05","07:13:00      ",0.12781999999999999]
[251,"2018-06-05","07:14:00      ",0.12789999999999999]
[252,"2018-06-05","07:15:00      ",0.12787999999999999]
[253,"2018-06-05","07:16:00      ",0.12656999999999999]
[254,"2018-06-05","07:17:00      ",0.12711]
[255,"2018-06-05","07:18:00      ",0.12659000000000001]
[256,"2018-06-05","07:19:00      ",0.12667999999999999]
[257,"2018-06-05","07:20:00      ",0.12686999999999998]
[258,"2018-06-05","07:21:00      ",0.12685000000000002]
[259,"2018-06-05","07:22:00      ",0.12683999999999998]
[260,"2018-06-05","07:23:00      ",0.12680999999999998]
[261,"2018-06-05","07:24:00      ",0.12691]
[262,"2018-06-05","07:25:00      ",0.12683999999999998]
[263,"2018-06-05","07:26:00      ",0.12734999999999999]
[264,"2018-06-05","07:27:00      ",0.12662000000000001]
[265,"2018-06-05","07:28:00      ",0.12673999999999999]
[266,"2018-06-05","07:29:00      ",0.12676000000000001]
[267,"2018-06-05","07:30:00      ",0.12686]
[268,"2018-06-05","07:31:00      ",0.12686]
[269,"2018-06-05","07:32:00      ",0.12683999999999998]
[270,"2018-06-05","07:33:00      ",0.12678]
[271,"2018-06-05","07:34:00      ",0.12773000000000001]
[272,"2018-06-05","07:35:00      ",0.12704000000000001]
[273,"2018-06-05","07:36:00      ",0.12753999999999999]
[274,"2018-06-05","07:37:00      ",0.12686999999999998]
[275,"2018-06-05","07:38:00      ",0.12662999999999999]
[276,"2018-06-05","07:39:00      ",0.12664999999999998]
[277,"2018-06-05","07:40:00      ",0.12662000000000001]
[278,"2018-06-05","07:41:00      ",0.12659999999999999]
[279,"2018-06-05","07:42:00      ",0.12706000000000001]
[280,"2018-06-05","07:43:00      ",0.12647]
[281,"2018-06-05","07:44:00      ",0.12653]
[282,"2018-06-05","07:45:00      ",0.12658]
[283,"2018-06-05","07:46:00      ",0.12642]
[284,"2018-06-05","07:47:00      ",0.12640000000000001]
[285,"2018-06-05","07:48:00      ",0.12639]
[286,"2018-06-05","07:49:00      ",0.12645000000000001]
[287,"2018-06-05","07:50:00      ",0.12653999999999999]
[288,"2018-06-05","07:51:00      ",0.12672]
[289,"2018-06-05","07:52:00      ",0.12756999999999999]
[290,"2018-06-05","07:53:00      ",0.12751999999999999]
[291,"2018-06-05","07:54:00      ",0.12720000000000001]
[292,"2018-06-05","07:55:00      ",0.12747]
[293,"2018-06-05","07:56:00      ",0.12747999999999998]
[294,"2018-06-05","07:57:00      ",0.12746000000000002]
[295,"2018-06-05","07:58:00      ",0.12711]
[296,"2018-06-05","07:59:00      ",0.12753999999999999]
[297,"2018-06-05","08:00:00      ",0.12744]
[298,"2018-06-05","08:01:00      ",0.12743000000000002]
[299,"2018-06-05","08:02:00      ",0.12742000000000001]
[300,"2018-06-05","08:03:00      ",0.12742000000000001]
[301,"2018-06-05","08:04:00      ",0.12751999999999999]
[302,"2018-06-05","08:05:00      ",0.12746000000000002]
[303,"2018-06-05","08:06:00      ",0.12712000000000001]
[304,"2018-06-05","08:07:00      ",0.12714]
[305,"2018-06-05","08:08:00      ",0.12689999999999999]
[306,"2018-06-05","08:09:00      ",0.12714999999999999]
[307,"2018-06-05","08:10:00      ",0.12726999999999999]
[308,"2018-06-05","08:11:00      ",0.12768000000000002]
[309,"2018-06-05","08:12:00      ",0.12769]
[310,"2018-06-05","08:13:00      ",0.12770000000000001]
[311,"2018-06-05","08:14:00      ",0.12764]
[312,"2018-06-05","08:15:00      ",0.12789]
[313,"2018-06-05","08:16:00      ",0.12794]
[314,"2018-06-05","08:17:00      ",0.12825]
[315,"2018-06-05","08:18:00      ",0.12845999999999999]
[316,"2018-06-05","08:19:00      ",0.12864]
[317,"2018-06-05","08:20:00      ",0.12861]
[318,"2018-06-05","08:21:00      ",0.12853999999999999]
[319,"2018-06-05","08:22:00      ",0.12855]
[320,"2018-06-05","08:23:00      ",0.12841]
[321,"2018-06-05","08:24:00      ",0.12833]
[322,"2018-06-05","08:25:00      ",0.12887999999999999]
[323,"2018-06-05","08:26:00      ",0.12908]
[324,"2018-06-05","08:27:00      ",0.12939000000000001]
[325,"2018-06-05","08:28:00      ",0.12931999999999999]
[326,"2018-06-05","08:29:00      ",0.12945000000000001]
[327,"2018-06-05","08:30:00      ",0.12945999999999999]
[328,"2018-06-05","08:31:00      ",0.13013]
[329,"2018-06-05","08:32:00      ",0.12998999999999999]
[330,"2018-06-05","08:33:00      ",0.13009999999999999]
[331,"2018-06-05","08:34:00      ",0.13008]
[332,"2018-06-05","08:35:00      ",0.13014000000000001]
[333,"2018-06-05","08:36:00      ",0.13037000000000001]
[334,"2018-06-05","08:37:00      ",0.13056999999999999]
[335,"2018-06-05","08:38:00      ",0.13058999999999998]
[336,"2018-06-05","08:39:00      ",0.13039000000000001]
[337,"2018-06-05","08:40:00      ",0.13041]
[338,"2018-06-05","08:41:00      ",0.13005]
[339,"2018-06-05","08:42:00      ",0.12992000000000001]
[340,"2018-06-05","08:43:00      ",0.12967000000000001]
[341,"2018-06-05","08:44:00      ",0.12992999999999999]
[342,"2018-06-05","08:45:00      ",0.12997]
[343,"2018-06-05","08:46:00      ",0.12969]
[344,"2018-06-05","08:47:00      ",0.12983]
[345,"2018-06-05","08:48:00      ",0.12964999999999999]
[346,"2018-06-05","08:49:00      ",0.13003000000000001]
[347,"2018-06-05","08:50:00      ",0.13034000000000001]
[348,"2018-06-05","08:51:00      ",0.13072]
[349,"2018-06-05","08:52:00      ",0.13088]
[350,"2018-06-05","08:53:00      ",0.13131000000000001]
[351,"2018-06-05","08:54:00      ",0.1308]
[352,"2018-06-05","08:55:00      ",0.13156999999999999]
[353,"2018-06-05","08:56:00      ",0.13167000000000001]
[354,"2018-06-05","08:57:00      ",0.13153999999999999]
[355,"2018-06-05","08:58:00      ",0.13198000000000001]
[356,"2018-06-05","08:59:00      ",0.13353000000000001]
[357,"2018-06-05","09:00:00      ",0.13403999999999999]
[358,"2018-06-05","09:01:00      ",0.13403000000000001]
[359,"2018-06-05","09:02:00      ",0.13385]
[360,"2018-06-05","09:03:00      ",0.13383]
[361,"2018-06-05","09:04:00      ",0.13385999999999998]
[362,"2018-06-05","09:05:00      ",0.13342999999999999]
[363,"2018-06-05","09:06:00      ",0.13358999999999999]
[364,"2018-06-05","09:07:00      ",0.13247]
[365,"2018-06-05","09:08:00      ",0.13305]
[366,"2018-06-05","09:09:00      ",0.13317999999999999]
[367,"2018-06-05","09:10:00      ",0.13295000000000001]
[368,"2018-06-05","09:11:00      ",0.13269]
[369,"2018-06-05","09:12:00      ",0.13159000000000001]
[370,"2018-06-05","09:13:00      ",0.13092000000000001]
[371,"2018-06-05","09:14:00      ",0.13089999999999999]
[372,"2018-06-05","09:15:00      ",0.13088]
[373,"2018-06-05","09:16:00      ",0.12988]
[374,"2018-06-05","09:17:00      ",0.12970000000000001]
[375,"2018-06-05","09:18:00      ",0.13061999999999999]
[376,"2018-06-05","09:19:00      ",0.12958999999999998]
[377,"2018-06-05","09:20:00      ",0.12945000000000001]
[378,"2018-06-05","09:21:00      ",0.12969]
[379,"2018-06-05","09:22:00      ",0.13067000000000001]
[380,"2018-06-05","09:23:00      ",0.12972]
[381,"2018-06-05","09:24:00      ",0.12972]
[382,"2018-06-05","09:25:00      ",0.12983]
[383,"2018-06-05","09:26:00      ",0.13085000000000002]
[384,"2018-06-05","09:27:00      ",0.13134000000000001]
[385,"2018-06-05","09:28:00      ",0.13091]
[386,"2018-06-05","09:29:00      ",0.13095999999999999]
[387,"2018-06-05","09:30:00      ",0.13077]
[388,"2018-06-05","09:31:00      ",0.13086]
[389,"2018-06-05","09:32:00      ",0.12984999999999999]
[390,"2018-06-05","09:33:00      ",0.13073000000000001]
[391,"2018-06-05","09:34:00      ",0.13045999999999999]
[392,"2018-06-05","09:35:00      ",0.13005]
[393,"2018-06-05","09:36:00      ",0.13033]
[394,"2018-06-05","09:37:00      ",0.13033]
[395,"2018-06-05","09:38:00      ",0.13028999999999999]
[396,"2018-06-05","09:39:00      ",0.12923999999999999]
[397,"2018-06-05","09:40:00      ",0.12942999999999999]
[398,"2018-06-05","09:41:00      ",0.13019]
[399,"2018-06-05","09:42:00      ",0.12889]
[400,"2018-06-05","09:43:00      ",0.12817000000000001]
[401,"2018-06-05","09:44:00      ",0.12570999999999999]
[402,"2018-06-05","09:45:00      ",0.12861]
[403,"2018-06-05","09:46:00      ",0.12789]
[404,"2018-06-05","09:47:00      ",0.12900999999999999]
[405,"2018-06-05","09:48:00      ",0.12919]
[406,"2018-06-05","09:49:00      ",0.12919]
[407,"2018-06-05","09:50:00      ",0.12941]
[408,"2018-06-05","09:51:00      ",0.12990000000000002]
[409,"2018-06-05","09:52:00      ",0.13011]
[410,"2018-06-05","09:53:00      ",0.13019999999999998]
[411,"2018-06-05","09:54:00      ",0.13017000000000001]
[412,"2018-06-05","09:55:00      ",0.13013]
[413,"2018-06-05","09:56:00      ",0.12998999999999999]
[414,"2018-06-05","09:57:00      ",0.13017000000000001]
[415,"2018-06-05","09:58:00      ",0.13019999999999998]
[416,"2018-06-05","09:59:00      ",0.12773000000000001]
[417,"2018-06-05","10:00:00      ",0.13019]
[418,"2018-06-05","10:01:00      ",0.13003000000000001]
[419,"2018-06-05","10:02:00      ",0.12977]
[420,"2018-06-05","10:03:00      ",0.12930999999999998]
[421,"2018-06-05","10:04:00      ",0.12939999999999999]
[422,"2018-06-05","10:05:00      ",0.12941]
[423,"2018-06-05","10:06:00      ",0.12964999999999999]
[424,"2018-06-05","10:07:00      ",0.12961999999999999]
[425,"2018-06-05","10:08:00      ",0.12942000000000001]
[426,"2018-06-05","10:09:00      ",0.12945999999999999]
[427,"2018-06-05","10:10:00      ",0.12975]
[428,"2018-06-05","10:11:00      ",0.12977]
[429,"2018-06-05","10:12:00      ",0.12990000000000002]
[430,"2018-06-05","10:13:00      ",0.12956000000000001]
[431,"2018-06-05","10:14:00      ",0.12948000000000001]
[432,"2018-06-05","10:15:00      ",0.12951000000000001]
[433,"2018-06-05","10:16:00      ",0.12960000000000002]
[434,"2018-06-05","10:17:00      ",0.12717000000000001]
[435,"2018-06-05","10:18:00      ",0.12947]
[436,"2018-06-05","10:19:00      ",0.12963]
[437,"2018-06-05","10:20:00      ",0.12784000000000001]
[438,"2018-06-05","10:21:00      ",0.13041]
[439,"2018-06-05","10:22:00      ",0.13070999999999999]
[440,"2018-06-05","10:23:00      ",0.13059999999999999]
[441,"2018-06-05","10:24:00      ",0.1313]
[442,"2018-06-05","10:25:00      ",0.13108]
[443,"2018-06-05","10:26:00      ",0.13064999999999999]
[444,"2018-06-05","10:27:00      ",0.13159000000000001]
[445,"2018-06-05","10:28:00      ",0.13125000000000001]
[446,"2018-06-05","10:29:00      ",0.13136]
[447,"2018-06-05","10:30:00      ",0.13116]
[448,"2018-06-05","10:31:00      ",0.1313]
[449,"2018-06-05","10:32:00      ",0.13189000000000001]
[450,"2018-06-05","10:33:00      ",0.13089999999999999]
[451,"2018-06-05","10:34:00      ",0.13205999999999998]
[452,"2018-06-05","10:35:00      ",0.13208999999999999]
[453,"2018-06-05","10:36:00      ",0.13268000000000002]
[454,"2018-06-05","10:37:00      ",0.13322000000000001]
[455,"2018-06-05","10:38:00      ",0.13341]
[456,"2018-06-05","10:39:00      ",0.13361999999999999]
[457,"2018-06-05","10:40:00      ",0.13403999999999999]
[458,"2018-06-05","10:41:00      ",0.13517999999999999]
[459,"2018-06-05","10:42:00      ",0.13557]
[460,"2018-06-05","10:43:00      ",0.13525999999999999]
[461,"2018-06-05","10:44:00      ",0.13476000000000002]
[462,"2018-06-05","10:45:00      ",0.13463]
[463,"2018-06-05","10:46:00      ",0.13464000000000001]
[464,"2018-06-05","10:47:00      ",0.13478999999999999]
[465,"2018-06-05","10:48:00      ",0.13512000000000002]
[466,"2018-06-05","10:49:00      ",0.13517999999999999]
[467,"2018-06-05","10:50:00      ",0.13464999999999999]
[468,"2018-06-05","10:51:00      ",0.13396]
[469,"2018-06-05","10:52:00      ",0.13323000000000002]
[470,"2018-06-05","10:53:00      ",0.1333]
[471,"2018-06-05","10:54:00      ",0.13341]
[472,"2018-06-05","10:55:00      ",0.13324]
[473,"2018-06-05","10:56:00      ",0.13319]
[474,"2018-06-05","10:57:00      ",0.13317999999999999]
[475,"2018-06-05","10:58:00      ",0.13223000000000001]
[476,"2018-06-05","10:59:00      ",0.13222]
[477,"2018-06-05","11:00:00      ",0.13266]
[478,"2018-06-05","11:01:00      ",0.13320000000000001]
[479,"2018-06-05","11:02:00      ",0.13314000000000001]
[480,"2018-06-05","11:03:00      ",0.13321]
[481,"2018-06-05","11:04:00      ",0.13363]
[482,"2018-06-05","11:05:00      ",0.13361999999999999]
[483,"2018-06-05","11:06:00      ",0.13170999999999999]
[484,"2018-06-05","11:07:00      ",0.13467999999999999]
[485,"2018-06-05","11:08:00      ",0.13491]
[486,"2018-06-05","11:09:00      ",0.13507999999999998]
[487,"2018-06-05","11:10:00      ",0.13544999999999999]
[488,"2018-06-05","11:11:00      ",0.13524]
[489,"2018-06-05","11:12:00      ",0.13528000000000001]
[490,"2018-06-05","11:13:00      ",0.13528000000000001]
[491,"2018-06-05","11:14:00      ",0.13519999999999999]
[492,"2018-06-05","11:15:00      ",0.13469]
[493,"2018-06-05","11:16:00      ",0.13455]
[494,"2018-06-05","11:17:00      ",0.13431999999999999]
[495,"2018-06-05","11:18:00      ",0.13405]
[496,"2018-06-05","11:19:00      ",0.13406999999999999]
[497,"2018-06-05","11:20:00      ",0.13431999999999999]
[498,"2018-06-05","11:21:00      ",0.13433]
[499,"2018-06-05","11:22:00      ",0.13451000000000002]
[500,"2018-06-05","11:23:00      ",0.13510999999999998]
[501,"2018-06-05","11:24:00      ",0.13555999999999999]
[502,"2018-06-05","11:25:00      ",0.13600000000000001]
[503,"2018-06-05","11:26:00      ",0.13635999999999998]
[504,"2018-06-05","11:27:00      ",0.13739999999999999]
[505,"2018-06-05","11:28:00      ",0.13769000000000001]
[506,"2018-06-05","11:29:00      ",0.13727]
[507,"2018-06-06","03:04:00      ",0.13601000000000002]
[508,"2018-06-06","03:05:00      ",0.13622999999999999]
[509,"2018-06-06","03:06:00      ",0.13605]
[510,"2018-06-06","03:07:00      ",0.1366]
[511,"2018-06-06","03:08:00      ",0.13549]
[512,"2018-06-06","03:09:00      ",0.13639999999999999]
[513,"2018-06-06","03:10:00      ",0.13661000000000001]
[514,"2018-06-06","03:11:00      ",0.13680999999999999]
[515,"2018-06-06","03:12:00      ",0.13722000000000001]
[516,"2018-06-06","03:13:00      ",0.13833000000000001]
[517,"2018-06-06","03:14:00      ",0.13782]
[518,"2018-06-06","03:15:00      ",0.13705000000000001]
[519,"2018-06-06","03:16:00      ",0.13662000000000002]
[520,"2018-06-06","03:17:00      ",0.13634000000000002]
[521,"2018-06-06","03:18:00      ",0.13646]
[522,"2018-06-06","03:19:00      ",0.13683000000000001]
[523,"2018-06-06","03:20:00      ",0.13771]
[524,"2018-06-06","03:21:00      ",0.13897999999999999]
[525,"2018-06-06","03:22:00      ",0.13858000000000001]
[526,"2018-06-06","03:23:00      ",0.13800999999999999]
[527,"2018-06-06","03:24:00      ",0.13797000000000001]
[528,"2018-06-06","03:25:00      ",0.13849]
[529,"2018-06-06","03:26:00      ",0.13835]
[530,"2018-06-06","03:27:00      ",0.13611999999999999]
[531,"2018-06-06","03:28:00      ",0.1391]
[532,"2018-06-06","03:29:00      ",0.14166000000000001]
[533,"2018-06-06","03:30:00      ",0.1394]
[534,"2018-06-06","03:31:00      ",0.13967000000000002]
[535,"2018-06-06","03:32:00      ",0.14007999999999998]
[536,"2018-06-06","03:33:00      ",0.13976]
[537,"2018-06-06","03:34:00      ",0.13992000000000002]
[538,"2018-06-06","03:35:00      ",0.14015]
[539,"2018-06-06","03:36:00      ",0.14000000000000001]
[540,"2018-06-06","03:37:00      ",0.13985]
[541,"2018-06-06","03:38:00      ",0.14077000000000001]
[542,"2018-06-06","03:39:00      ",0.1429]
[543,"2018-06-06","03:40:00      ",0.14278000000000002]
[544,"2018-06-06","03:41:00      ",0.14352000000000001]
[545,"2018-06-06","03:42:00      ",0.14330000000000001]
[546,"2018-06-06","03:43:00      ",0.14349000000000001]
[547,"2018-06-06","03:44:00      ",0.14187]
[548,"2018-06-06","03:45:00      ",0.14396]
[549,"2018-06-06","03:46:00      ",0.14093999999999998]
[550,"2018-06-06","03:47:00      ",0.14053000000000002]
[551,"2018-06-06","03:48:00      ",0.14368999999999998]
[552,"2018-06-06","03:49:00      ",0.14105000000000001]
[553,"2018-06-06","03:50:00      ",0.14122999999999999]
[554,"2018-06-06","03:51:00      ",0.14102000000000001]
[555,"2018-06-06","03:52:00      ",0.14096]
[556,"2018-06-06","03:53:00      ",0.13997000000000001]
[557,"2018-06-06","03:54:00      ",0.13932]
[558,"2018-06-06","03:55:00      ",0.13919999999999999]
[559,"2018-06-06","03:56:00      ",0.14034000000000002]
[560,"2018-06-06","03:57:00      ",0.14183000000000001]
[561,"2018-06-06","03:58:00      ",0.14179]
[562,"2018-06-06","03:59:00      ",0.13925999999999999]
[563,"2018-06-06","04:00:00      ",0.13927]
[564,"2018-06-06","04:01:00      ",0.13930000000000001]
[565,"2018-06-06","04:02:00      ",0.13922000000000001]
[566,"2018-06-06","04:03:00      ",0.13933000000000001]
[567,"2018-06-06","04:04:00      ",0.13939000000000001]
[568,"2018-06-06","04:05:00      ",0.13943]
[569,"2018-06-06","04:06:00      ",0.13949999999999999]
[570,"2018-06-06","04:07:00      ",0.13971]
[571,"2018-06-06","04:08:00      ",0.14021]
[572,"2018-06-06","04:09:00      ",0.1399]
[573,"2018-06-06","04:10:00      ",0.13896]
[574,"2018-06-06","04:11:00      ",0.13955000000000001]
[575,"2018-06-06","04:12:00      ",0.13946999999999998]
[576,"2018-06-06","04:13:00      ",0.13939000000000001]
[577,"2018-06-06","04:14:00      ",0.13888999999999999]
[578,"2018-06-06","04:15:00      ",0.13611000000000001]
[579,"2018-06-06","04:16:00      ",0.13997999999999999]
[580,"2018-06-06","04:17:00      ",0.14005000000000001]
[581,"2018-06-06","04:18:00      ",0.13994000000000001]
[582,"2018-06-06","04:19:00      ",0.14058999999999999]
[583,"2018-06-06","04:20:00      ",0.13552]
[584,"2018-06-06","04:21:00      ",0.13546]
[585,"2018-06-06","04:22:00      ",0.13632]
[586,"2018-06-06","04:23:00      ",0.14027000000000001]
[587,"2018-06-06","04:24:00      ",0.1404]
[588,"2018-06-06","04:25:00      ",0.14055000000000001]
[589,"2018-06-06","04:26:00      ",0.14038999999999999]
[590,"2018-06-06","04:27:00      ",0.14043]
[591,"2018-06-06","04:28:00      ",0.14047999999999999]
[592,"2018-06-06","04:29:00      ",0.14082]
[593,"2018-06-06","04:30:00      ",0.13986999999999999]
[594,"2018-06-06","04:31:00      ",0.13933000000000001]
[595,"2018-06-06","04:32:00      ",0.13955999999999999]
[596,"2018-06-06","04:33:00      ",0.13958999999999999]
[597,"2018-06-06","04:34:00      ",0.13955999999999999]
[598,"2018-06-06","04:35:00      ",0.13949999999999999]
[599,"2018-06-06","04:36:00      ",0.14035999999999998]
[600,"2018-06-06","04:37:00      ",0.14046]
[601,"2018-06-06","04:38:00      ",0.14029999999999998]
[602,"2018-06-06","04:39:00      ",0.14025000000000001]
[603,"2018-06-06","04:40:00      ",0.14031000000000002]
[604,"2018-06-06","04:41:00      ",0.13900000000000001]
[605,"2018-06-06","04:42:00      ",0.14047999999999999]
[606,"2018-06-06","04:43:00      ",0.14041999999999999]
[607,"2018-06-06","04:44:00      ",0.14058000000000001]
[608,"2018-06-06","04:45:00      ",0.13952999999999999]
[609,"2018-06-06","04:46:00      ",0.14027000000000001]
[610,"2018-06-06","04:47:00      ",0.13900000000000001]
[611,"2018-06-06","04:48:00      ",0.14057]
[612,"2018-06-06","04:49:00      ",0.14066000000000001]
[613,"2018-06-06","04:50:00      ",0.14087]
[614,"2018-06-06","04:51:00      ",0.14097999999999999]
[615,"2018-06-06","04:52:00      ",0.14071]
[616,"2018-06-06","04:53:00      ",0.13971999999999998]
[617,"2018-06-06","04:54:00      ",0.1399]
[618,"2018-06-06","04:55:00      ",0.14101]
[619,"2018-06-06","04:56:00      ",0.14090999999999998]
[620,"2018-06-06","04:57:00      ",0.14092000000000002]
[621,"2018-06-06","04:58:00      ",0.1406]
[622,"2018-06-06","04:59:00      ",0.14055999999999999]
[623,"2018-06-06","05:00:00      ",0.14051]
[624,"2018-06-06","05:01:00      ",0.14016999999999999]
[625,"2018-06-06","05:02:00      ",0.13985]
[626,"2018-06-06","05:03:00      ",0.13985]
[627,"2018-06-06","05:04:00      ",0.13971]
[628,"2018-06-06","05:05:00      ",0.13999]
[629,"2018-06-06","05:06:00      ",0.13974999999999999]
[630,"2018-06-06","05:07:00      ",0.13971]
[631,"2018-06-06","05:08:00      ",0.13879]
[632,"2018-06-06","05:09:00      ",0.13849]
[633,"2018-06-06","05:10:00      ",0.13928000000000001]
[634,"2018-06-06","05:11:00      ",0.13916000000000001]
[635,"2018-06-06","05:12:00      ",0.13553000000000001]
[636,"2018-06-06","05:13:00      ",0.13516]
[637,"2018-06-06","05:14:00      ",0.13814000000000001]
[638,"2018-06-06","05:15:00      ",0.13789999999999999]
[639,"2018-06-06","05:16:00      ",0.13775999999999999]
[640,"2018-06-06","05:17:00      ",0.13789999999999999]
[641,"2018-06-06","05:18:00      ",0.13538]
[642,"2018-06-06","05:19:00      ",0.13561000000000001]
[643,"2018-06-06","05:20:00      ",0.13841000000000001]
[644,"2018-06-06","05:21:00      ",0.1384]
[645,"2018-06-06","05:22:00      ",0.13830000000000001]
[646,"2018-06-06","05:23:00      ",0.13824]
[647,"2018-06-06","05:24:00      ",0.13816000000000001]
[648,"2018-06-06","05:25:00      ",0.13672000000000001]
[649,"2018-06-06","05:26:00      ",0.13787000000000002]
[650,"2018-06-06","05:27:00      ",0.13785]
[651,"2018-06-06","05:28:00      ",0.13813]
[652,"2018-06-06","05:29:00      ",0.13830999999999999]
[653,"2018-06-06","05:30:00      ",0.13577]
[654,"2018-06-06","05:31:00      ",0.13974]
[655,"2018-06-06","05:32:00      ",0.1396]
[656,"2018-06-06","05:33:00      ",0.13949999999999999]
[657,"2018-06-06","05:34:00      ",0.13891000000000001]
[658,"2018-06-06","05:35:00      ",0.13971999999999998]
[659,"2018-06-06","05:36:00      ",0.13985]
[660,"2018-06-06","05:37:00      ",0.13970000000000002]
[661,"2018-06-06","05:38:00      ",0.13944999999999999]
[662,"2018-06-06","05:39:00      ",0.13949]
[663,"2018-06-06","05:40:00      ",0.13949999999999999]
[664,"2018-06-06","05:41:00      ",0.13958000000000001]
[665,"2018-06-06","05:42:00      ",0.13955000000000001]
[666,"2018-06-06","05:43:00      ",0.13907]
[667,"2018-06-06","05:44:00      ",0.13891999999999999]
[668,"2018-06-06","05:45:00      ",0.13819000000000001]
[669,"2018-06-06","05:46:00      ",0.13836999999999999]
[670,"2018-06-06","05:47:00      ",0.13919999999999999]
[671,"2018-06-06","05:48:00      ",0.13925000000000001]
[672,"2018-06-06","05:49:00      ",0.13918]
[673,"2018-06-06","05:50:00      ",0.13919999999999999]
[674,"2018-06-06","05:51:00      ",0.13929]
[675,"2018-06-06","05:52:00      ",0.13955999999999999]
[676,"2018-06-06","05:53:00      ",0.13865]

{"sheet":"delta_gamma","index":6,"n_rows":51,"n_cols":7,"rows_kept":51,"cut":false,"hidden":false,"merged":[]}
["Call",null,null,null,"put"]
["Axe Y","Axe X","Axe X",null,"Axe Y","Axe X","Axe X"]
["Moneyness","Echéance","36M",null,"Moneyness","Echéance","36M"]
[60,"Volatilité","10.000%",null,55,"Volatilité","10.000%"]
[null,"Prix (total)",0,null,null,"Prix (total)",0]
[null,"Delta",99.88,null,null,"Delta",-0.02]
[null,"Gamma",2.2800000000000001E-2,null,null,"Gamma",4.4000000000000003E-3]
[80,"Volatilité","10.000%",null,60,"Volatilité","10.000%"]
[null,"Prix (total)",0,null,null,"Prix (total)",0]
[null,"Delta",91.59,null,null,"Delta",-0.12]
[null,"Gamma",0.89070000000000005,null,null,"Gamma",2.2800000000000001E-2]
[105,"Volatilité","10.000%",null,65,"Volatilité","10.000%"]
[null,"Prix (total)",0,null,null,"Prix (total)",0]
[null,"Delta",42.43,null,null,"Delta",-0.5]
[null,"Gamma",2.2601,null,null,"Gamma",8.3400000000000002E-2]
[110,"Volatilité","10.000%",null,70,"Volatilité","10.000%"]
[null,"Prix (total)",0,null,null,"Prix (total)",0]
[null,"Delta",32.299999999999997,null,null,"Delta",-1.58]
[null,"Gamma",2.0712000000000002,null,null,"Gamma",0.22900000000000001]
[115,"Volatilité","10.000%",null,75,"Volatilité","10.000%"]
[null,"Prix (total)",0,null,null,"Prix (total)",0]
[null,"Delta",23.71,null,null,"Delta",-4]
[null,"Gamma",1.7815000000000001,null,null,"Gamma",0.4975]
[120,"Volatilité","10.000%",null,80,"Volatilité","10.000%"]
[null,"Prix (total)",0,null,null,"Prix (total)",0]
[null,"Delta",16.82,null,null,"Delta",-8.41]
[null,"Gamma",1.45,null,null,"Gamma",0.89070000000000005]
[125,"Volatilité","10.000%",null,85,"Volatilité","10.000%"]
[null,"Prix (total)",0,null,null,"Prix (total)",0]
[null,"Delta",11.57,null,null,"Delta",-15.19]
[null,"Gamma",1.1246,null,null,"Gamma",1.3567]
[130,"Volatilité","10.000%",null,90,"Volatilité","10.000%"]
[null,"Prix (total)",0,null,null,"Prix (total)",0]
[null,"Delta",7.73,null,null,"Delta",-24.25]
[null,"Gamma",0.83609999999999995,null,null,"Gamma",1.8035000000000001]
[135,"Volatilité","10.000%",null,95,"Volatilité","10.000%"]
[null,"Prix (total)",0,null,null,"Prix (total)",0]
[null,"Delta",5.04,null,null,"Delta",-34.96]
[null,"Gamma",0.59889999999999999,null,null,"Gamma",2.1360000000000001]
[140,"Volatilité","10.000%",null,100,"Volatilité","10.000%"]
[null,"Prix (total)",0,null,null,"Prix (total)",0]
[null,"Delta",3.21,null,null,"Delta",-46.39]
[null,"Gamma",0.41520000000000001,null,null,"Gamma",2.2923]
[145,"Volatilité","10.000%",null,120,"Volatilité","10.000%"]
[null,"Prix (total)",0,null,null,"Prix (total)",0]
[null,"Delta",2,null,null,"Delta",-83.18]
[null,"Gamma",0.2797,null,null,"Gamma",1.45]
[null,null,null,null,140,"Volatilité","10.000%"]
[null,null,null,null,null,"Prix (total)",0]
[null,null,null,null,null,"Delta",-96.79]
[null,null,null,null,null,"Gamma",0.41520000000000001]